Last updated on 2024-08-07 00:49:27 CEST.
Flavor | Version | Tinstall | Tcheck | Ttotal | Status | Flags |
---|---|---|---|---|---|---|
r-devel-linux-x86_64-debian-clang | 1.0.0 | 172.11 | 114.21 | 286.32 | OK | |
r-devel-linux-x86_64-debian-gcc | 1.0.0 | 112.24 | 82.09 | 194.33 | OK | |
r-devel-linux-x86_64-fedora-clang | 1.0.0 | 587.39 | OK | |||
r-devel-linux-x86_64-fedora-gcc | 1.0.0 | 576.48 | OK | |||
r-devel-windows-x86_64 | 1.0.0 | 139.00 | 155.00 | 294.00 | OK | |
r-patched-linux-x86_64 | 1.0.0 | 157.63 | 110.21 | 267.84 | OK | |
r-release-linux-x86_64 | 1.0.0 | 154.69 | 110.16 | 264.85 | OK | |
r-release-macos-arm64 | 1.0.0 | 126.00 | ERROR | |||
r-release-macos-x86_64 | 1.0.0 | 212.00 | NOTE | |||
r-release-windows-x86_64 | 1.0.0 | 156.00 | 179.00 | 335.00 | OK | |
r-oldrel-macos-arm64 | 1.0.0 | 135.00 | ERROR | |||
r-oldrel-macos-x86_64 | 1.0.0 | 211.00 | NOTE | |||
r-oldrel-windows-x86_64 | 1.0.0 | 145.00 | 188.00 | 333.00 | OK |
Version: 1.0.0
Check: installed package size
Result: NOTE
installed size is 14.9Mb
sub-directories of 1Mb or more:
libs 13.8Mb
Flavors: r-release-macos-arm64, r-release-macos-x86_64, r-oldrel-macos-arm64, r-oldrel-macos-x86_64
Version: 1.0.0
Check: tests
Result: ERROR
Running ‘testthat.R’ [3s/4s]
Running the tests in ‘tests/testthat.R’ failed.
Last 13 lines of output:
3. ├─vdiffr:::print_plot(plot, title)
4. └─vdiffr:::print_plot.function(plot, title)
5. └─samplr (local) p()
6. └─samplr::plot_2d_density(...) at test-samplers.R:249:5
7. └─samplr:::.checkGivenInfo(...)
8. └─samplr:::.checkWeights(weights, length(distr_name))
[ FAIL 2 | WARN 0 | SKIP 7 | PASS 214 ]
Deleting unused snapshots:
• calc_functions/change-plot.svg
• calc_functions/qq-change-plot.svg
• calc_functions/sequence-autocorrelation-plot.svg
• samplers/2d-density-custom.svg
Error: Test failures
Execution halted
Flavor: r-release-macos-arm64
Version: 1.0.0
Check: re-building of vignette outputs
Result: ERROR
Error(s) in re-building vignettes:
--- re-building ‘abs-simulations.Rmd’ using rmarkdown
--- finished re-building ‘abs-simulations.Rmd’
--- re-building ‘custom-density-functions.Rmd’ using rmarkdown
--- finished re-building ‘custom-density-functions.Rmd’
--- re-building ‘how-to-sample.Rmd’ using rmarkdown
--- finished re-building ‘how-to-sample.Rmd’
--- re-building ‘multivariate-mixtures.Rmd’ using rmarkdown
Quitting from lines 44-49 [unnamed-chunk-4] (multivariate-mixtures.Rmd)
Error: processing vignette 'multivariate-mixtures.Rmd' failed with diagnostics:
The sum of the weights must equal 1
--- failed re-building ‘multivariate-mixtures.Rmd’
--- re-building ‘samplr.Rmd’ using rmarkdown
--- finished re-building ‘samplr.Rmd’
--- re-building ‘supported-distributions.Rmd’ using rmarkdown
--- finished re-building ‘supported-distributions.Rmd’
--- re-building ‘time-comparisons.Rmd’ using rmarkdown
--- finished re-building ‘time-comparisons.Rmd’
SUMMARY: processing the following file failed:
‘multivariate-mixtures.Rmd’
Error: Vignette re-building failed.
Execution halted
Flavor: r-release-macos-arm64
Version: 1.0.0
Check: tests
Result: ERROR
Running ‘testthat.R’ [4s/5s]
Running the tests in ‘tests/testthat.R’ failed.
Last 13 lines of output:
3. ├─vdiffr:::print_plot(plot, title)
4. └─vdiffr:::print_plot.function(plot, title)
5. └─samplr (local) p()
6. └─samplr::plot_2d_density(...) at test-samplers.R:249:5
7. └─samplr:::.checkGivenInfo(...)
8. └─samplr:::.checkWeights(weights, length(distr_name))
[ FAIL 2 | WARN 0 | SKIP 7 | PASS 214 ]
Deleting unused snapshots:
• calc_functions/change-plot.svg
• calc_functions/qq-change-plot.svg
• calc_functions/sequence-autocorrelation-plot.svg
• samplers/2d-density-custom.svg
Error: Test failures
Execution halted
Flavor: r-oldrel-macos-arm64
Version: 1.0.0
Check: running R code from vignettes
Result: ERROR
Errors in running code in vignettes:
when running code in ‘multivariate-mixtures.Rmd’
...
> weights <- runif(15)
> weights <- weights/rep(sum(weights), 15)
> hill_map <- plot_2d_density(start = c(-10, -10), size = 20,
+ cellsPerRow = 150, names, parameters, weights)
When sourcing ‘multivariate-mixtures.R’:
Error: The sum of the weights must equal 1
Execution halted
‘abs-simulations.Rmd’ using ‘UTF-8’... [0s/1s] OK
‘custom-density-functions.Rmd’ using ‘UTF-8’... [5s/6s] OK
‘how-to-sample.Rmd’ using ‘UTF-8’... [0s/0s] OK
‘multivariate-mixtures.Rmd’ using ‘UTF-8’... failed
‘samplr.Rmd’ using ‘UTF-8’... [0s/0s] OK
‘supported-distributions.Rmd’ using ‘UTF-8’... [0s/0s] OK
‘time-comparisons.Rmd’ using ‘UTF-8’... [10s/11s] OK
Flavor: r-oldrel-macos-arm64
Version: 1.0.0
Check: re-building of vignette outputs
Result: NOTE
Error(s) in re-building vignettes:
--- re-building ‘abs-simulations.Rmd’ using rmarkdown
--- finished re-building ‘abs-simulations.Rmd’
--- re-building ‘custom-density-functions.Rmd’ using rmarkdown
--- finished re-building ‘custom-density-functions.Rmd’
--- re-building ‘how-to-sample.Rmd’ using rmarkdown
--- finished re-building ‘how-to-sample.Rmd’
--- re-building ‘multivariate-mixtures.Rmd’ using rmarkdown
Quitting from lines 44-49 [unnamed-chunk-4] (multivariate-mixtures.Rmd)
Error: processing vignette 'multivariate-mixtures.Rmd' failed with diagnostics:
The sum of the weights must equal 1
--- failed re-building ‘multivariate-mixtures.Rmd’
--- re-building ‘samplr.Rmd’ using rmarkdown
--- finished re-building ‘samplr.Rmd’
--- re-building ‘supported-distributions.Rmd’ using rmarkdown
--- finished re-building ‘supported-distributions.Rmd’
--- re-building ‘time-comparisons.Rmd’ using rmarkdown
--- finished re-building ‘time-comparisons.Rmd’
SUMMARY: processing the following file failed:
‘multivariate-mixtures.Rmd’
Error: Vignette re-building failed.
Execution halted
Flavor: r-oldrel-macos-arm64