Last updated on 2024-08-07 00:49:27 CEST.
Flavor | Version | Tinstall | Tcheck | Ttotal | Status | Flags |
---|---|---|---|---|---|---|
r-devel-linux-x86_64-debian-clang | 2.0.0 | 3.02 | 27.96 | 30.98 | NOTE | |
r-devel-linux-x86_64-debian-gcc | 2.0.0 | 2.35 | 21.69 | 24.04 | NOTE | |
r-devel-linux-x86_64-fedora-clang | 2.0.0 | 51.94 | NOTE | |||
r-devel-linux-x86_64-fedora-gcc | 2.0.0 | 48.90 | NOTE | |||
r-devel-windows-x86_64 | 2.0.0 | 4.00 | 49.00 | 53.00 | NOTE | |
r-patched-linux-x86_64 | 2.0.0 | 2.72 | 27.15 | 29.87 | NOTE | |
r-release-linux-x86_64 | 2.0.0 | 2.46 | 26.98 | 29.44 | NOTE | |
r-release-macos-arm64 | 2.0.0 | 20.00 | NOTE | |||
r-release-macos-x86_64 | 2.0.0 | 35.00 | NOTE | |||
r-release-windows-x86_64 | 2.0.0 | 5.00 | 49.00 | 54.00 | NOTE | |
r-oldrel-macos-arm64 | 2.0.0 | 20.00 | NOTE | |||
r-oldrel-macos-x86_64 | 2.0.0 | 27.00 | NOTE | |||
r-oldrel-windows-x86_64 | 2.0.0 | 5.00 | 52.00 | 57.00 | NOTE |
Version: 2.0.0
Check: package dependencies
Result: NOTE
Package suggested but not available for checking: ‘networkTomography’
Flavors: r-devel-linux-x86_64-debian-clang, r-devel-linux-x86_64-debian-gcc, r-devel-linux-x86_64-fedora-clang, r-devel-linux-x86_64-fedora-gcc, r-devel-windows-x86_64, r-patched-linux-x86_64, r-release-linux-x86_64, r-release-windows-x86_64, r-oldrel-windows-x86_64
Version: 2.0.0
Check: data for non-ASCII characters
Result: NOTE
Note: found 6 marked UTF-8 strings
Flavors: r-devel-linux-x86_64-fedora-clang, r-devel-linux-x86_64-fedora-gcc
Version: 2.0.0
Check: package dependencies
Result: NOTE
Packages suggested but not available for checking:
'networkTomography', 'org.Sc.sgd.db'
Flavors: r-release-macos-arm64, r-release-macos-x86_64
Version: 2.0.0
Check: package dependencies
Result: NOTE
Packages suggested but not available for checking:
'GOstats', 'networkTomography', 'org.Sc.sgd.db'
Flavor: r-oldrel-macos-arm64
Version: 2.0.0
Check: package dependencies
Result: NOTE
Packages suggested but not available for checking:
'GO.db', 'GOstats', 'car', 'ergm', 'networkTomography',
'org.Sc.sgd.db'
Flavor: r-oldrel-macos-x86_64