Last updated on 2024-08-07 00:49:27 CEST.
Flavor | Version | Tinstall | Tcheck | Ttotal | Status | Flags |
---|---|---|---|---|---|---|
r-devel-linux-x86_64-debian-clang | 1.2.2 | 7.98 | 192.53 | 200.51 | NOTE | |
r-devel-linux-x86_64-debian-gcc | 1.2.2 | 4.38 | 125.09 | 129.47 | NOTE | |
r-devel-linux-x86_64-fedora-clang | 1.2.2 | 327.48 | OK | |||
r-devel-linux-x86_64-fedora-gcc | 1.2.2 | 329.77 | OK | |||
r-devel-windows-x86_64 | 1.2.2 | 8.00 | 228.00 | 236.00 | NOTE | |
r-patched-linux-x86_64 | 1.2.2 | 10.22 | 183.90 | 194.12 | OK | |
r-release-linux-x86_64 | 1.2.2 | 7.31 | 187.56 | 194.87 | OK | |
r-release-macos-arm64 | 1.2.2 | 102.00 | OK | |||
r-release-macos-x86_64 | 1.2.2 | 206.00 | OK | |||
r-release-windows-x86_64 | 1.2.2 | 8.00 | 228.00 | 236.00 | OK | |
r-oldrel-macos-arm64 | 1.2.2 | 107.00 | OK | |||
r-oldrel-macos-x86_64 | 1.2.2 | 318.00 | OK | |||
r-oldrel-windows-x86_64 | 1.2.2 | 11.00 | 266.00 | 277.00 | OK |
Version: 1.2.2
Check: Rd cross-references
Result: NOTE
Found the following Rd file(s) with Rd \link{} targets missing package
anchors:
SPgroup2.Rd: SPgroup, snowprofileSet
SPspacetime.Rd: snowprofileSet
averageSP.Rd: snowprofileSet, snowprofile
averageSPalongSeason.Rd: snowprofileSet, snowprofile
chooseICavg.Rd: snowprofileSet, numberOfPWLsPerVerticalLevel
dtwSP.Rd: dtw
plotSPalignment.Rd: plot.snowprofile
sarp.snowprofile.alignment-package.Rd: SPpairs
Please provide package anchors for all Rd \link{} targets not in the
package itself and the base packages.
Flavors: r-devel-linux-x86_64-debian-clang, r-devel-linux-x86_64-debian-gcc, r-devel-windows-x86_64