Last updated on 2024-08-07 00:49:27 CEST.
Flavor | Version | Tinstall | Tcheck | Ttotal | Status | Flags |
---|---|---|---|---|---|---|
r-devel-linux-x86_64-debian-clang | 1.0.4 | 54.83 | 209.91 | 264.74 | OK | |
r-devel-linux-x86_64-debian-gcc | 1.0.4 | 34.28 | 145.05 | 179.33 | OK | |
r-devel-linux-x86_64-fedora-clang | 1.0.4 | 460.67 | NOTE | |||
r-devel-linux-x86_64-fedora-gcc | 1.0.4 | 406.04 | NOTE | |||
r-devel-windows-x86_64 | 1.0.4 | 62.00 | 228.00 | 290.00 | OK | |
r-patched-linux-x86_64 | 1.0.4 | 49.39 | 197.90 | 247.29 | OK | |
r-release-linux-x86_64 | 1.0.4 | 46.06 | 198.20 | 244.26 | OK | |
r-release-macos-arm64 | 1.0.4 | 109.00 | OK | |||
r-release-macos-x86_64 | 1.0.4 | 154.00 | OK | |||
r-release-windows-x86_64 | 1.0.4 | 57.00 | 226.00 | 283.00 | OK | |
r-oldrel-macos-arm64 | 1.0.4 | 126.00 | NOTE | |||
r-oldrel-macos-x86_64 | 1.0.4 | 202.00 | NOTE | |||
r-oldrel-windows-x86_64 | 1.0.4 | 72.00 | 285.00 | 357.00 | OK |
Version: 1.0.4
Check: package dependencies
Result: NOTE
Packages suggested but not available for checking:
'simplifyEnrichment', 'conos', 'pagoda2'
Flavor: r-devel-linux-x86_64-fedora-clang
Version: 1.0.4
Check: package dependencies
Result: NOTE
Packages suggested but not available for checking: 'conos', 'pagoda2'
Flavor: r-devel-linux-x86_64-fedora-gcc
Version: 1.0.4
Check: package dependencies
Result: NOTE
Package suggested but not available for checking: ‘simplifyEnrichment’
Flavors: r-oldrel-macos-arm64, r-oldrel-macos-x86_64