Last updated on 2024-08-08 08:49:28 CEST.
Flavor | Version | Tinstall | Tcheck | Ttotal | Status | Flags |
---|---|---|---|---|---|---|
r-devel-linux-x86_64-debian-clang | 2.3.3 | 9.79 | 95.90 | 105.69 | NOTE | |
r-devel-linux-x86_64-debian-gcc | 2.3.3 | 5.87 | 68.96 | 74.83 | NOTE | |
r-devel-linux-x86_64-fedora-clang | 2.3.3 | 168.39 | NOTE | |||
r-devel-linux-x86_64-fedora-gcc | 2.3.3 | 171.72 | NOTE | |||
r-devel-windows-x86_64 | 2.3.3 | 11.00 | 144.00 | 155.00 | NOTE | |
r-patched-linux-x86_64 | 2.3.3 | 10.64 | 93.16 | 103.80 | NOTE | |
r-release-linux-x86_64 | 2.3.3 | 9.36 | 93.60 | 102.96 | NOTE | |
r-release-macos-arm64 | 2.3.3 | 61.00 | NOTE | |||
r-release-macos-x86_64 | 2.3.3 | 84.00 | NOTE | |||
r-release-windows-x86_64 | 2.3.3 | 11.00 | 145.00 | 156.00 | NOTE | |
r-oldrel-macos-arm64 | 2.3.3 | 67.00 | NOTE | |||
r-oldrel-macos-x86_64 | 2.3.3 | 94.00 | NOTE | |||
r-oldrel-windows-x86_64 | 2.3.3 | 15.00 | 154.00 | 169.00 | NOTE |
Version: 2.3.3
Check: Rd files
Result: NOTE
checkRd: (-1) getSigmaR.Rd:13-14: Lost braces
13 | \item{digits}{digits}{number of decimal places to use when rounding,
| ^
checkRd: (-1) x.oreo.Rd:48: Escaped LaTeX specials: \_ \_
Flavors: r-devel-linux-x86_64-debian-clang, r-devel-linux-x86_64-debian-gcc, r-devel-linux-x86_64-fedora-clang, r-devel-linux-x86_64-fedora-gcc, r-devel-windows-x86_64, r-patched-linux-x86_64, r-release-linux-x86_64, r-release-macos-arm64, r-release-macos-x86_64, r-release-windows-x86_64
Version: 2.3.3
Check: Rd files
Result: NOTE
checkRd: (-1) x.oreo.Rd:48: Escaped LaTeX specials: \_ \_
Flavors: r-oldrel-macos-arm64, r-oldrel-macos-x86_64, r-oldrel-windows-x86_64