Last updated on 2024-08-07 00:49:27 CEST.
Flavor | Version | Tinstall | Tcheck | Ttotal | Status | Flags |
---|---|---|---|---|---|---|
r-devel-linux-x86_64-debian-clang | 1.4.6.2 | 168.51 | 71.83 | 240.34 | OK | |
r-devel-linux-x86_64-debian-gcc | 1.4.6.2 | 117.13 | 64.06 | 181.19 | OK | |
r-devel-linux-x86_64-fedora-clang | 1.4.6.2 | 451.11 | OK | |||
r-devel-linux-x86_64-fedora-gcc | 1.4.6.2 | 514.89 | OK | |||
r-devel-windows-x86_64 | 1.4.6.2 | 175.00 | 141.00 | 316.00 | OK | |
r-patched-linux-x86_64 | 1.4.6.2 | 162.81 | 79.11 | 241.92 | OK | |
r-release-linux-x86_64 | 1.4.6.2 | 167.12 | 79.00 | 246.12 | OK | |
r-release-macos-arm64 | 1.4.6.2 | 146.00 | NOTE | |||
r-release-macos-x86_64 | 1.4.6.2 | 284.00 | NOTE | |||
r-release-windows-x86_64 | 1.4.6.2 | 169.00 | 139.00 | 308.00 | OK | |
r-oldrel-macos-arm64 | 1.4.6.2 | 164.00 | NOTE | |||
r-oldrel-macos-x86_64 | 1.4.6.2 | 230.00 | NOTE | |||
r-oldrel-windows-x86_64 | 1.4.6.2 | 159.00 | 159.00 | 318.00 | OK |
Version: 1.4.6.2
Check: installed package size
Result: NOTE
installed size is 18.8Mb
sub-directories of 1Mb or more:
libs 18.2Mb
Flavors: r-release-macos-arm64, r-release-macos-x86_64, r-oldrel-macos-arm64, r-oldrel-macos-x86_64