Last updated on 2024-08-07 00:49:27 CEST.
Flavor | Version | Tinstall | Tcheck | Ttotal | Status | Flags |
---|---|---|---|---|---|---|
r-devel-linux-x86_64-debian-clang | 1.1.1 | 50.42 | 211.53 | 261.95 | OK | |
r-devel-linux-x86_64-debian-gcc | 1.1.1 | 30.76 | 136.39 | 167.15 | OK | |
r-devel-linux-x86_64-fedora-clang | 1.1.1 | 441.55 | OK | |||
r-devel-linux-x86_64-fedora-gcc | 1.1.1 | 446.62 | OK | |||
r-devel-windows-x86_64 | 1.1.1 | 51.00 | 286.00 | 337.00 | OK | |
r-patched-linux-x86_64 | 1.1.1 | 44.20 | 202.62 | 246.82 | OK | |
r-release-linux-x86_64 | 1.1.1 | 42.16 | 205.26 | 247.42 | OK | |
r-release-macos-arm64 | 1.1.1 | 119.00 | NOTE | |||
r-release-macos-x86_64 | 1.1.1 | 175.00 | NOTE | |||
r-release-windows-x86_64 | 1.1.1 | 51.00 | 285.00 | 336.00 | OK | |
r-oldrel-macos-arm64 | 1.1.1 | 131.00 | NOTE | |||
r-oldrel-macos-x86_64 | 1.1.1 | 370.00 | NOTE | |||
r-oldrel-windows-x86_64 | 1.1.1 | 60.00 | 333.00 | 393.00 | OK |
Version: 1.1.1
Check: installed package size
Result: NOTE
installed size is 5.9Mb
sub-directories of 1Mb or more:
libs 3.7Mb
Flavors: r-release-macos-arm64, r-release-macos-x86_64, r-oldrel-macos-arm64, r-oldrel-macos-x86_64