Last updated on 2024-08-07 00:49:27 CEST.
Flavor | Version | Tinstall | Tcheck | Ttotal | Status | Flags |
---|---|---|---|---|---|---|
r-devel-linux-x86_64-debian-clang | 0.1.10 | 104.83 | 56.59 | 161.42 | OK | |
r-devel-linux-x86_64-debian-gcc | 0.1.10 | 74.47 | 40.55 | 115.02 | OK | |
r-devel-linux-x86_64-fedora-clang | 0.1.10 | 324.82 | OK | |||
r-devel-linux-x86_64-fedora-gcc | 0.1.10 | 321.24 | OK | |||
r-devel-windows-x86_64 | 0.1.10 | 111.00 | 101.00 | 212.00 | OK | |
r-patched-linux-x86_64 | 0.1.10 | 99.16 | 52.53 | 151.69 | OK | |
r-release-linux-x86_64 | 0.1.10 | 102.58 | 53.07 | 155.65 | OK | |
r-release-macos-arm64 | 0.1.10 | 68.00 | NOTE | |||
r-release-macos-x86_64 | 0.1.10 | 76.00 | NOTE | |||
r-release-windows-x86_64 | 0.1.10 | 110.00 | 101.00 | 211.00 | OK | |
r-oldrel-macos-arm64 | 0.1.10 | 72.00 | NOTE | |||
r-oldrel-macos-x86_64 | 0.1.10 | 110.00 | NOTE | |||
r-oldrel-windows-x86_64 | 0.1.10 | 131.00 | 122.00 | 253.00 | OK |
Version: 0.1.10
Check: installed package size
Result: NOTE
installed size is 9.7Mb
sub-directories of 1Mb or more:
libs 8.8Mb
Flavors: r-release-macos-arm64, r-release-macos-x86_64, r-oldrel-macos-arm64, r-oldrel-macos-x86_64