Last updated on 2024-08-07 00:49:27 CEST.
Flavor | Version | Tinstall | Tcheck | Ttotal | Status | Flags |
---|---|---|---|---|---|---|
r-devel-linux-x86_64-debian-clang | 0.6.0 | 242.60 | 225.92 | 468.52 | OK | |
r-devel-linux-x86_64-debian-gcc | 0.6.0 | 167.43 | 179.37 | 346.80 | OK | |
r-devel-linux-x86_64-fedora-clang | 0.6.0 | 685.25 | NOTE | |||
r-devel-linux-x86_64-fedora-gcc | 0.6.0 | 844.02 | OK | |||
r-devel-windows-x86_64 | 0.6.0 | 202.00 | 283.00 | 485.00 | NOTE | |
r-patched-linux-x86_64 | 0.6.0 | 223.20 | 236.61 | 459.81 | OK | |
r-release-linux-x86_64 | 0.6.0 | 228.43 | 236.85 | 465.28 | OK | |
r-release-macos-arm64 | 0.6.0 | 201.00 | NOTE | |||
r-release-macos-x86_64 | 0.6.0 | 404.00 | NOTE | |||
r-release-windows-x86_64 | 0.6.0 | 205.00 | 279.00 | 484.00 | NOTE | |
r-oldrel-macos-arm64 | 0.6.0 | 185.00 | NOTE | |||
r-oldrel-macos-x86_64 | 0.6.0 | 400.00 | NOTE | |||
r-oldrel-windows-x86_64 | 0.6.0 | 289.00 | 335.00 | 624.00 | NOTE |
Version: 0.6.0
Check: installed package size
Result: NOTE
installed size is 7.7Mb
sub-directories of 1Mb or more:
libs 5.8Mb
Flavors: r-devel-linux-x86_64-fedora-clang, r-devel-windows-x86_64, r-release-macos-arm64, r-release-macos-x86_64, r-release-windows-x86_64, r-oldrel-macos-arm64, r-oldrel-macos-x86_64, r-oldrel-windows-x86_64