Last updated on 2024-08-07 00:49:27 CEST.
Flavor | Version | Tinstall | Tcheck | Ttotal | Status | Flags |
---|---|---|---|---|---|---|
r-devel-linux-x86_64-debian-clang | 0.8.1 | 3.92 | 36.81 | 40.73 | OK | |
r-devel-linux-x86_64-debian-gcc | 0.8.1 | 3.47 | 27.98 | 31.45 | OK | |
r-devel-linux-x86_64-fedora-clang | 0.8.1 | 65.20 | ERROR | |||
r-devel-linux-x86_64-fedora-gcc | 0.8.1 | 62.00 | OK | |||
r-devel-windows-x86_64 | 0.8.1 | 7.00 | 56.00 | 63.00 | OK | |
r-patched-linux-x86_64 | 0.8.1 | 3.75 | 34.81 | 38.56 | OK | |
r-release-linux-x86_64 | 0.8.1 | 4.35 | 35.35 | 39.70 | OK | |
r-release-macos-arm64 | 0.8.1 | 28.00 | OK | |||
r-release-macos-x86_64 | 0.8.1 | 37.00 | OK | |||
r-release-windows-x86_64 | 0.8.1 | 7.00 | 56.00 | 63.00 | OK | |
r-oldrel-macos-arm64 | 0.8.1 | 28.00 | OK | |||
r-oldrel-macos-x86_64 | 0.8.1 | 38.00 | OK | |||
r-oldrel-windows-x86_64 | 0.8.1 | 8.00 | 65.00 | 73.00 | OK |
Version: 0.8.1
Check: tests
Result: ERROR
Running ‘tinytest.R’
Running the tests in ‘tests/tinytest.R’ failed.
Complete output:
>
> if ( requireNamespace("tinytest", quietly=TRUE) ){
+ tinytest::test_package("semnar")
+ }
test-add_presentation.R....... 0 tests
test-add_presentation.R....... 1 tests <1b>[0;32mOK<1b>[0m
test-add_presentation.R....... 2 tests <1b>[0;32mOK<1b>[0m
test-add_presentation.R....... 3 tests <1b>[0;32mOK<1b>[0m
test-add_presentation.R....... 3 tests <1b>[0;32mOK<1b>[0m
test-add_presentation.R....... 4 tests <1b>[0;32mOK<1b>[0m
test-add_presentation.R....... 5 tests <1b>[0;32mOK<1b>[0m
test-add_presentation.R....... 6 tests <1b>[0;32mOK<1b>[0m
test-add_presentation.R....... 7 tests <1b>[0;32mOK<1b>[0m
test-add_presentation.R....... 8 tests <1b>[0;32mOK<1b>[0m
test-add_presentation.R....... 9 tests <1b>[0;32mOK<1b>[0m
test-add_presentation.R....... 10 tests <1b>[0;32mOK<1b>[0m
test-add_presentation.R....... 11 tests <1b>[0;32mOK<1b>[0m
test-add_presentation.R....... 12 tests <1b>[0;32mOK<1b>[0m
test-add_presentation.R....... 13 tests <1b>[0;32mOK<1b>[0m
test-add_presentation.R....... 14 tests <1b>[0;32mOK<1b>[0m
test-add_presentation.R....... 15 tests <1b>[0;32mOK<1b>[0m
test-add_presentation.R....... 16 tests <1b>[0;32mOK<1b>[0m
test-add_presentation.R....... 17 tests <1b>[0;32mOK<1b>[0m
test-add_presentation.R....... 18 tests <1b>[0;32mOK<1b>[0m
test-add_presentation.R....... 19 tests <1b>[0;32mOK<1b>[0m
test-add_presentation.R....... 20 tests <1b>[0;32mOK<1b>[0m
test-add_presentation.R....... 21 tests <1b>[0;32mOK<1b>[0m
test-add_presentation.R....... 22 tests <1b>[0;32mOK<1b>[0m
test-add_presentation.R....... 23 tests <1b>[0;32mOK<1b>[0m
test-add_presentation.R....... 24 tests <1b>[0;32mOK<1b>[0m
test-add_presentation.R....... 25 tests <1b>[0;32mOK<1b>[0m
test-add_presentation.R....... 26 tests <1b>[0;32mOK<1b>[0m
test-add_presentation.R....... 27 tests <1b>[0;32mOK<1b>[0m
test-add_presentation.R....... 28 tests <1b>[0;32mOK<1b>[0m
test-add_presentation.R....... 29 tests <1b>[0;32mOK<1b>[0m
test-add_presentation.R....... 30 tests <1b>[0;32mOK<1b>[0m
test-add_presentation.R....... 31 tests <1b>[0;32mOK<1b>[0m
test-add_presentation.R....... 32 tests <1b>[0;32mOK<1b>[0m
test-add_presentation.R....... 33 tests <1b>[0;32mOK<1b>[0m <1b>[0;34m0.4s<1b>[0m
test-event.R.................. 0 tests
test-event.R.................. 1 tests <1b>[0;32mOK<1b>[0m
test-event.R.................. 1 tests <1b>[0;32mOK<1b>[0m
test-event.R.................. 1 tests <1b>[0;32mOK<1b>[0m
test-event.R.................. 1 tests <1b>[0;32mOK<1b>[0m
test-event.R.................. 1 tests <1b>[0;32mOK<1b>[0m
test-event.R.................. 1 tests <1b>[0;32mOK<1b>[0m
test-event.R.................. 1 tests <1b>[0;32mOK<1b>[0m
test-event.R.................. 1 tests <1b>[0;32mOK<1b>[0m
test-event.R.................. 2 tests <1b>[0;32mOK<1b>[0m
test-event.R.................. 3 tests <1b>[0;32mOK<1b>[0m
test-event.R.................. 3 tests <1b>[0;32mOK<1b>[0m
test-event.R.................. 3 tests <1b>[0;32mOK<1b>[0m
test-event.R.................. 3 tests <1b>[0;32mOK<1b>[0m
test-event.R.................. 3 tests <1b>[0;32mOK<1b>[0m
test-event.R.................. 4 tests <1b>[0;32mOK<1b>[0m
test-event.R.................. 5 tests <1b>[0;32mOK<1b>[0m
test-event.R.................. 6 tests <1b>[0;32mOK<1b>[0m
test-event.R.................. 7 tests <1b>[0;32mOK<1b>[0m
test-event.R.................. 8 tests <1b>[0;32mOK<1b>[0m
test-event.R.................. 9 tests <1b>[0;32mOK<1b>[0m
test-event.R.................. 10 tests <1b>[0;32mOK<1b>[0m
test-event.R.................. 11 tests <1b>[0;32mOK<1b>[0m
test-event.R.................. 12 tests <1b>[0;32mOK<1b>[0m <1b>[0;34m0.2s<1b>[0m
test-guess_address.R.......... 0 tests
test-guess_address.R.......... 1 tests <1b>[0;32mOK<1b>[0m Error in res$error : $ operator is invalid for atomic vectors
Calls: <Anonymous> ... guess_address -> guess_address.semnar -> apply -> FUN
In addition: Warning message:
In open.connection(con, "rb") :
URL 'https://nominatim.openstreetmap.org/reverse?format=jsonv2&lon=-1.560843&lat=52.384019&addressdetails=1': status was 'Couldn't resolve host name'
Execution halted
Flavor: r-devel-linux-x86_64-fedora-clang