Last updated on 2024-08-07 00:49:27 CEST.
Flavor | Version | Tinstall | Tcheck | Ttotal | Status | Flags |
---|---|---|---|---|---|---|
r-devel-linux-x86_64-debian-clang | 0.2.3 | 386.64 | 35.92 | 422.56 | NOTE | |
r-devel-linux-x86_64-debian-gcc | 0.2.3 | 310.49 | 27.39 | 337.88 | NOTE | |
r-devel-linux-x86_64-fedora-clang | 0.2.3 | 935.37 | NOTE | |||
r-devel-linux-x86_64-fedora-gcc | 0.2.3 | 1054.16 | NOTE | |||
r-devel-windows-x86_64 | 0.2.3 | 557.00 | 91.00 | 648.00 | NOTE | |
r-patched-linux-x86_64 | 0.2.3 | 435.69 | 34.26 | 469.95 | NOTE | |
r-release-linux-x86_64 | 0.2.3 | 454.26 | 35.00 | 489.26 | NOTE | |
r-release-macos-arm64 | 0.2.3 | 185.00 | NOTE | |||
r-release-macos-x86_64 | 0.2.3 | 143.00 | NOTE | |||
r-release-windows-x86_64 | 0.2.3 | 563.00 | 91.00 | 654.00 | NOTE | |
r-oldrel-macos-arm64 | 0.2.3 | 245.00 | NOTE | |||
r-oldrel-macos-x86_64 | 0.2.3 | 443.00 | NOTE | |||
r-oldrel-windows-x86_64 | 0.2.3 | 574.00 | 100.00 | 674.00 | NOTE |
Version: 0.2.3
Check: C++ specification
Result: NOTE
Specified C++11: please drop specification unless essential
Flavors: r-devel-linux-x86_64-debian-clang, r-devel-linux-x86_64-debian-gcc, r-devel-linux-x86_64-fedora-clang, r-devel-linux-x86_64-fedora-gcc, r-devel-windows-x86_64, r-patched-linux-x86_64, r-release-linux-x86_64, r-release-macos-arm64, r-release-macos-x86_64, r-release-windows-x86_64, r-oldrel-macos-arm64, r-oldrel-macos-x86_64, r-oldrel-windows-x86_64
Version: 0.2.3
Check: installed package size
Result: NOTE
installed size is 5.0Mb
sub-directories of 1Mb or more:
libs 3.3Mb
models 1.6Mb
Flavors: r-devel-windows-x86_64, r-release-macos-arm64, r-release-macos-x86_64, r-release-windows-x86_64, r-oldrel-macos-arm64, r-oldrel-macos-x86_64, r-oldrel-windows-x86_64