Last updated on 2024-08-07 00:49:27 CEST.
Flavor | Version | Tinstall | Tcheck | Ttotal | Status | Flags |
---|---|---|---|---|---|---|
r-devel-linux-x86_64-debian-clang | 0.1.1 | 8.80 | 72.99 | 81.79 | OK | |
r-devel-linux-x86_64-debian-gcc | 0.1.1 | 6.13 | 54.68 | 60.81 | OK | |
r-devel-linux-x86_64-fedora-clang | 0.1.1 | 131.78 | NOTE | |||
r-devel-linux-x86_64-fedora-gcc | 0.1.1 | 134.07 | NOTE | |||
r-devel-windows-x86_64 | 0.1.1 | 10.00 | 89.00 | 99.00 | OK | |
r-patched-linux-x86_64 | 0.1.1 | 7.25 | 71.12 | 78.37 | OK | |
r-release-linux-x86_64 | 0.1.1 | 7.98 | 70.11 | 78.09 | OK | |
r-release-macos-arm64 | 0.1.1 | 43.00 | OK | |||
r-release-macos-x86_64 | 0.1.1 | 73.00 | OK | |||
r-release-windows-x86_64 | 0.1.1 | 10.00 | 88.00 | 98.00 | OK | |
r-oldrel-macos-arm64 | 0.1.1 | 47.00 | OK | |||
r-oldrel-macos-x86_64 | 0.1.1 | 79.00 | OK | |||
r-oldrel-windows-x86_64 | 0.1.1 | 13.00 | 107.00 | 120.00 | OK |
Version: 0.1.1
Check: data for non-ASCII characters
Result: NOTE
Note: found 836 marked UTF-8 strings
Flavors: r-devel-linux-x86_64-fedora-clang, r-devel-linux-x86_64-fedora-gcc