Last updated on 2024-08-07 00:49:27 CEST.
Flavor | Version | Tinstall | Tcheck | Ttotal | Status | Flags |
---|---|---|---|---|---|---|
r-devel-linux-x86_64-debian-clang | 1.2.4 | 3.31 | 149.60 | 152.91 | OK | |
r-devel-linux-x86_64-debian-gcc | 1.2.4 | 2.34 | 106.99 | 109.33 | OK | |
r-devel-linux-x86_64-fedora-clang | 1.2.4 | 266.28 | OK | |||
r-devel-linux-x86_64-fedora-gcc | 1.2.4 | 254.92 | OK | |||
r-devel-windows-x86_64 | 1.2.4 | 5.00 | 157.00 | 162.00 | OK | |
r-patched-linux-x86_64 | 1.2.4 | 3.89 | 146.27 | 150.16 | OK | |
r-release-linux-x86_64 | 1.2.4 | 2.97 | 148.58 | 151.55 | OK | |
r-release-macos-arm64 | 1.2.4 | 82.00 | OK | |||
r-release-macos-x86_64 | 1.2.4 | 124.00 | OK | |||
r-release-windows-x86_64 | 1.2.4 | 5.00 | 156.00 | 161.00 | OK | |
r-oldrel-macos-arm64 | 1.2.4 | 59.00 | NOTE | |||
r-oldrel-macos-x86_64 | 1.2.4 | 127.00 | NOTE | |||
r-oldrel-windows-x86_64 | 1.2.4 | 6.00 | 199.00 | 205.00 | OK |
Version: 1.2.4
Check: package dependencies
Result: NOTE
Package suggested but not available for checking: ‘airway’
Flavors: r-oldrel-macos-arm64, r-oldrel-macos-x86_64