Last updated on 2024-08-07 00:49:27 CEST.
Flavor | Version | Tinstall | Tcheck | Ttotal | Status | Flags |
---|---|---|---|---|---|---|
r-devel-linux-x86_64-debian-clang | 4.2-36 | 13.24 | 100.98 | 114.22 | OK | |
r-devel-linux-x86_64-debian-gcc | 4.2-36 | 8.83 | 71.27 | 80.10 | OK | |
r-devel-linux-x86_64-fedora-clang | 4.2-36 | 183.15 | NOTE | |||
r-devel-linux-x86_64-fedora-gcc | 4.2-36 | 174.20 | OK | |||
r-devel-windows-x86_64 | 4.2-36 | 21.00 | 148.00 | 169.00 | NOTE | |
r-patched-linux-x86_64 | 4.2-36 | 15.88 | 96.77 | 112.65 | OK | |
r-release-linux-x86_64 | 4.2-36 | 12.70 | 97.33 | 110.03 | OK | |
r-release-macos-arm64 | 4.2-36 | 58.00 | NOTE | |||
r-release-macos-x86_64 | 4.2-36 | 131.00 | NOTE | |||
r-release-windows-x86_64 | 4.2-36 | 20.00 | 145.00 | 165.00 | NOTE | |
r-oldrel-macos-arm64 | 4.2-36 | 64.00 | NOTE | |||
r-oldrel-macos-x86_64 | 4.2-36 | 137.00 | NOTE | |||
r-oldrel-windows-x86_64 | 4.2-36 | 23.00 | 171.00 | 194.00 | NOTE |
Version: 4.2-36
Check: installed package size
Result: NOTE
installed size is 5.4Mb
sub-directories of 1Mb or more:
data 1.4Mb
sequences 1.9Mb
Flavors: r-devel-linux-x86_64-fedora-clang, r-devel-windows-x86_64, r-release-macos-arm64, r-release-macos-x86_64, r-release-windows-x86_64, r-oldrel-macos-arm64, r-oldrel-macos-x86_64, r-oldrel-windows-x86_64