Last updated on 2024-08-07 00:49:27 CEST.
Flavor | Version | Tinstall | Tcheck | Ttotal | Status | Flags |
---|---|---|---|---|---|---|
r-devel-linux-x86_64-debian-clang | 1.8 | 10.82 | 96.20 | 107.02 | NOTE | |
r-devel-linux-x86_64-debian-gcc | 1.8 | 9.67 | 71.08 | 80.75 | NOTE | |
r-devel-linux-x86_64-fedora-clang | 1.8 | 174.07 | OK | |||
r-devel-linux-x86_64-fedora-gcc | 1.8 | 167.37 | OK | |||
r-devel-windows-x86_64 | 1.8 | 13.00 | 107.00 | 120.00 | NOTE | |
r-patched-linux-x86_64 | 1.8 | 17.53 | 93.50 | 111.03 | OK | |
r-release-linux-x86_64 | 1.8 | 12.39 | 94.67 | 107.06 | OK | |
r-release-macos-arm64 | 1.8 | 47.00 | OK | |||
r-release-macos-x86_64 | 1.8 | 79.00 | OK | |||
r-release-windows-x86_64 | 1.8 | 12.00 | 107.00 | 119.00 | OK | |
r-oldrel-macos-arm64 | 1.8 | 55.00 | OK | |||
r-oldrel-macos-x86_64 | 1.8 | 152.00 | OK | |||
r-oldrel-windows-x86_64 | 1.8 | 17.00 | 121.00 | 138.00 | OK |
Version: 1.8
Check: Rd cross-references
Result: NOTE
Found the following Rd file(s) with Rd \link{} targets missing package
anchors:
gPLS.Rd: cim
gPLSda.Rd: plotIndiv, plotVar, cim, network
sPLSda.Rd: plotIndiv, plotVar, cim, network
sgPLSda.Rd: plotIndiv, plotVar, cim, network
Please provide package anchors for all Rd \link{} targets not in the
package itself and the base packages.
Flavors: r-devel-linux-x86_64-debian-clang, r-devel-linux-x86_64-debian-gcc, r-devel-windows-x86_64