Last updated on 2024-08-07 00:49:27 CEST.
Flavor | Version | Tinstall | Tcheck | Ttotal | Status | Flags |
---|---|---|---|---|---|---|
r-devel-linux-x86_64-debian-clang | 1.5 | 2.54 | 30.62 | 33.16 | NOTE | |
r-devel-linux-x86_64-debian-gcc | 1.5 | 2.04 | 23.81 | 25.85 | NOTE | |
r-devel-linux-x86_64-fedora-clang | 1.5 | 55.15 | NOTE | |||
r-devel-linux-x86_64-fedora-gcc | 1.5 | 66.86 | NOTE | |||
r-devel-windows-x86_64 | 1.5 | 7.00 | 60.00 | 67.00 | NOTE | |
r-patched-linux-x86_64 | 1.5 | 2.77 | 30.19 | 32.96 | NOTE | |
r-release-linux-x86_64 | 1.5 | 2.46 | 29.85 | 32.31 | NOTE | |
r-release-macos-arm64 | 1.5 | 31.00 | NOTE | |||
r-release-macos-x86_64 | 1.5 | 49.00 | NOTE | |||
r-release-windows-x86_64 | 1.5 | 5.00 | 60.00 | 65.00 | NOTE | |
r-oldrel-macos-arm64 | 1.5 | 34.00 | OK | |||
r-oldrel-macos-x86_64 | 1.5 | 48.00 | OK | |||
r-oldrel-windows-x86_64 | 1.5 | 6.00 | 65.00 | 71.00 | OK |
Version: 1.5
Check: Rd files
Result: NOTE
checkRd: (-1) shiftrPrepare.Rd:37: Lost braces
37 | See code{\link{shiftrPermBinary}} function and the respective example.
| ^
Flavors: r-devel-linux-x86_64-debian-clang, r-devel-linux-x86_64-debian-gcc, r-devel-linux-x86_64-fedora-clang, r-devel-linux-x86_64-fedora-gcc, r-devel-windows-x86_64, r-patched-linux-x86_64, r-release-linux-x86_64, r-release-macos-arm64, r-release-macos-x86_64, r-release-windows-x86_64