Last updated on 2024-08-07 00:49:28 CEST.
Flavor | Version | Tinstall | Tcheck | Ttotal | Status | Flags |
---|---|---|---|---|---|---|
r-devel-linux-x86_64-debian-clang | 2.1.0 | 2.53 | 31.84 | 34.37 | NOTE | |
r-devel-linux-x86_64-debian-gcc | 2.1.0 | 1.76 | 24.23 | 25.99 | NOTE | |
r-devel-linux-x86_64-fedora-gcc | 2.1.0 | 66.25 | NOTE | |||
r-devel-windows-x86_64 | 2.1.0 | 5.00 | 62.00 | 67.00 | NOTE | |
r-patched-linux-x86_64 | 2.1.0 | 3.04 | 30.53 | 33.57 | NOTE | |
r-release-linux-x86_64 | 2.1.0 | 2.48 | 30.41 | 32.89 | NOTE | |
r-release-macos-arm64 | 2.1.0 | 37.00 | NOTE | |||
r-release-macos-x86_64 | 2.1.0 | 53.00 | NOTE | |||
r-release-windows-x86_64 | 2.1.0 | 5.00 | 60.00 | 65.00 | NOTE | |
r-oldrel-macos-arm64 | 2.1.0 | 35.00 | OK | |||
r-oldrel-macos-x86_64 | 2.1.0 | 46.00 | OK | |||
r-oldrel-windows-x86_64 | 2.1.0 | 5.00 | 61.00 | 66.00 | OK |
Version: 2.1.0
Check: Rd files
Result: NOTE
checkRd: (-1) shinyjs-defunct.Rd:18: Lost braces in \itemize; meant \describe ?
checkRd: (-1) shinyjs-defunct.Rd:19: Lost braces in \itemize; meant \describe ?
checkRd: (-1) shinyjs-defunct.Rd:20: Lost braces in \itemize; meant \describe ?
Flavors: r-devel-linux-x86_64-debian-clang, r-devel-linux-x86_64-debian-gcc, r-devel-linux-x86_64-fedora-gcc, r-devel-windows-x86_64, r-patched-linux-x86_64, r-release-linux-x86_64, r-release-macos-arm64, r-release-macos-x86_64, r-release-windows-x86_64