Last updated on 2024-08-07 00:49:28 CEST.
Flavor | Version | Tinstall | Tcheck | Ttotal | Status | Flags |
---|---|---|---|---|---|---|
r-devel-linux-x86_64-debian-clang | 2.6.0 | 24.65 | 153.13 | 177.78 | NOTE | |
r-devel-linux-x86_64-debian-gcc | 2.6.0 | 20.58 | 109.90 | 130.48 | NOTE | |
r-devel-linux-x86_64-fedora-clang | 2.6.0 | 297.75 | NOTE | |||
r-devel-linux-x86_64-fedora-gcc | 2.6.0 | 289.43 | NOTE | |||
r-devel-windows-x86_64 | 2.6.0 | 18.00 | 150.00 | 168.00 | NOTE | |
r-patched-linux-x86_64 | 2.6.0 | 25.68 | 147.81 | 173.49 | NOTE | |
r-release-linux-x86_64 | 2.6.0 | 24.74 | 150.43 | 175.17 | NOTE | |
r-release-macos-arm64 | 2.6.0 | 79.00 | NOTE | |||
r-release-macos-x86_64 | 2.6.0 | 139.00 | NOTE | |||
r-release-windows-x86_64 | 2.6.0 | 20.00 | 150.00 | 170.00 | NOTE | |
r-oldrel-macos-arm64 | 2.6.0 | 68.00 | NOTE | |||
r-oldrel-macos-x86_64 | 2.6.0 | 106.00 | NOTE | |||
r-oldrel-windows-x86_64 | 2.6.0 | 23.00 | 175.00 | 198.00 | NOTE |
Version: 2.6.0
Check: package dependencies
Result: NOTE
Package suggested but not available for checking: ‘cmdstanr’
Flavors: r-devel-linux-x86_64-debian-clang, r-devel-linux-x86_64-debian-gcc, r-devel-linux-x86_64-fedora-clang, r-devel-linux-x86_64-fedora-gcc, r-devel-windows-x86_64, r-patched-linux-x86_64, r-release-linux-x86_64, r-release-macos-arm64, r-release-macos-x86_64, r-release-windows-x86_64, r-oldrel-macos-arm64, r-oldrel-macos-x86_64, r-oldrel-windows-x86_64