Last updated on 2024-08-07 00:49:28 CEST.
Flavor | Version | Tinstall | Tcheck | Ttotal | Status | Flags |
---|---|---|---|---|---|---|
r-devel-linux-x86_64-debian-clang | 0.1.0 | 4.96 | 111.91 | 116.87 | OK | |
r-devel-linux-x86_64-debian-gcc | 0.1.0 | 3.78 | 77.30 | 81.08 | OK | |
r-devel-linux-x86_64-fedora-clang | 0.1.0 | 187.73 | OK | |||
r-devel-linux-x86_64-fedora-gcc | 0.1.0 | 198.98 | OK | |||
r-devel-windows-x86_64 | 0.1.0 | 6.00 | 141.00 | 147.00 | OK | |
r-patched-linux-x86_64 | 0.1.0 | 4.10 | 109.26 | 113.36 | OK | |
r-release-linux-x86_64 | 0.1.0 | 4.68 | 110.34 | 115.02 | OK | |
r-release-macos-arm64 | 0.1.0 | 67.00 | ERROR | |||
r-release-macos-x86_64 | 0.1.0 | 97.00 | OK | |||
r-release-windows-x86_64 | 0.1.0 | 7.00 | 142.00 | 149.00 | OK | |
r-oldrel-macos-arm64 | 0.1.0 | 100.00 | NOTE | |||
r-oldrel-macos-x86_64 | 0.1.0 | 145.00 | OK | |||
r-oldrel-windows-x86_64 | 0.1.0 | 8.00 | 165.00 | 173.00 | ERROR |
Version: 0.1.0
Check: re-building of vignette outputs
Result: ERROR
Error(s) in re-building vignettes:
...
--- re-building ‘sim.BA.Rmd’ using rmarkdown
File images/dag.png not found in resource path
Error: processing vignette 'sim.BA.Rmd' failed with diagnostics:
pandoc document conversion failed with error 99
--- failed re-building ‘sim.BA.Rmd’
SUMMARY: processing the following file failed:
‘sim.BA.Rmd’
Error: Vignette re-building failed.
Execution halted
Flavor: r-release-macos-arm64
Version: 0.1.0
Check: re-building of vignette outputs
Result: NOTE
Error(s) in re-building vignettes:
...
--- re-building ‘sim.BA.Rmd’ using rmarkdown
File images/dag.png not found in resource path
Error: processing vignette 'sim.BA.Rmd' failed with diagnostics:
pandoc document conversion failed with error 99
--- failed re-building ‘sim.BA.Rmd’
SUMMARY: processing the following file failed:
‘sim.BA.Rmd’
Error: Vignette re-building failed.
Execution halted
Flavor: r-oldrel-macos-arm64
Version: 0.1.0
Check: re-building of vignette outputs
Result: ERROR
Error(s) in re-building vignettes:
--- re-building 'sim.BA.Rmd' using rmarkdown
File images/dag.png not found in resource path
Error: processing vignette 'sim.BA.Rmd' failed with diagnostics:
pandoc document conversion failed with error 99
--- failed re-building 'sim.BA.Rmd'
SUMMARY: processing the following file failed:
'sim.BA.Rmd'
Error: Vignette re-building failed.
Execution halted
Flavor: r-oldrel-windows-x86_64