Last updated on 2024-08-07 00:49:28 CEST.
Flavor | Version | Tinstall | Tcheck | Ttotal | Status | Flags |
---|---|---|---|---|---|---|
r-devel-linux-x86_64-debian-clang | 4.4.6.4 | 69.84 | 108.92 | 178.76 | OK | |
r-devel-linux-x86_64-debian-gcc | 4.4.6.4 | 58.39 | 80.28 | 138.67 | OK | |
r-devel-linux-x86_64-fedora-clang | 4.4.6.4 | 326.41 | OK | |||
r-devel-linux-x86_64-fedora-gcc | 4.4.6.4 | 357.10 | OK | |||
r-devel-windows-x86_64 | 4.4.6.4 | 78.00 | 184.00 | 262.00 | OK | |
r-patched-linux-x86_64 | 4.4.6.4 | 78.90 | 104.85 | 183.75 | OK | |
r-release-linux-x86_64 | 4.4.6.4 | 81.67 | 107.81 | 189.48 | OK | |
r-release-macos-arm64 | 4.4.6.4 | 140.00 | NOTE | |||
r-release-macos-x86_64 | 4.4.6.4 | 268.00 | NOTE | |||
r-release-windows-x86_64 | 4.4.6.4 | 72.00 | 185.00 | 257.00 | OK | |
r-oldrel-macos-arm64 | 4.4.6.4 | 142.00 | ERROR | |||
r-oldrel-macos-x86_64 | 4.4.6.4 | 246.00 | ERROR | |||
r-oldrel-windows-x86_64 | 4.4.6.4 | 69.00 | 206.00 | 275.00 | OK |
Version: 4.4.6.4
Check: installed package size
Result: NOTE
installed size is 14.7Mb
sub-directories of 1Mb or more:
doc 1.5Mb
libs 12.6Mb
Flavors: r-release-macos-arm64, r-release-macos-x86_64, r-oldrel-macos-arm64, r-oldrel-macos-x86_64
Version: 4.4.6.4
Check: running R code from vignettes
Result: ERROR
Errors in running code in vignettes:
when running code in ‘simmer-03-trajectories.Rmd’
...
{ Activity: Timeout | delay: function() }
> traj <- trajectory() %>% log_(function() as.character(now(env)))
> env <- simmer() %>% add_generator("dummy", traj, function() 1) %>%
+ run(4)
1: dummy0:
When sourcing ‘simmer-03-trajectories.R’:
Error: object 'env' not found
Execution halted
‘simmer-01-introduction.Rmd’ using ‘UTF-8’... [1s/1s] OK
‘simmer-02-jss.Rmd’ using ‘UTF-8’... [4s/4s] OK
‘simmer-03-trajectories.Rmd’ using ‘UTF-8’... failed
‘simmer-04-bank-1.Rmd’ using ‘UTF-8’... [0s/1s] OK
‘simmer-04-bank-2.Rmd’ using ‘UTF-8’... [1s/1s] OK
‘simmer-05-simpy.Rmd’ using ‘UTF-8’... [1s/1s] OK
‘simmer-06-queueing.Rmd’ using ‘UTF-8’... [3s/4s] OK
‘simmer-07-ctmc.Rmd’ using ‘UTF-8’... [1s/1s] OK
‘simmer-08-philosophers.Rmd’ using ‘UTF-8’... [1s/1s] OK
‘simmer-aa-5G.Rmd’ using ‘UTF-8’... [0s/0s] OK
Flavor: r-oldrel-macos-arm64
Version: 4.4.6.4
Check: running R code from vignettes
Result: ERROR
Errors in running code in vignettes:
when running code in ‘simmer-03-trajectories.Rmd’
...
{ Activity: Timeout | delay: function() }
> traj <- trajectory() %>% log_(function() as.character(now(env)))
> env <- simmer() %>% add_generator("dummy", traj, function() 1) %>%
+ run(4)
1: dummy0:
When sourcing ‘simmer-03-trajectories.R’:
Error: object 'env' not found
Execution halted
‘simmer-01-introduction.Rmd’ using ‘UTF-8’... [2s/2s] OK
‘simmer-02-jss.Rmd’ using ‘UTF-8’... [8s/10s] OK
‘simmer-03-trajectories.Rmd’ using ‘UTF-8’... failed
‘simmer-04-bank-1.Rmd’ using ‘UTF-8’... [1s/1s] OK
‘simmer-04-bank-2.Rmd’ using ‘UTF-8’... [2s/3s] OK
‘simmer-05-simpy.Rmd’ using ‘UTF-8’... [1s/1s] OK
‘simmer-06-queueing.Rmd’ using ‘UTF-8’... [6s/9s] OK
‘simmer-07-ctmc.Rmd’ using ‘UTF-8’... [2s/3s] OK
‘simmer-08-philosophers.Rmd’ using ‘UTF-8’... [2s/2s] OK
‘simmer-aa-5G.Rmd’ using ‘UTF-8’... [0s/0s] OK
Flavor: r-oldrel-macos-x86_64