Last updated on 2024-08-07 00:49:28 CEST.
Flavor | Version | Tinstall | Tcheck | Ttotal | Status | Flags |
---|---|---|---|---|---|---|
r-devel-linux-x86_64-debian-clang | 0.1.18 | 5.81 | 67.65 | 73.46 | NOTE | |
r-devel-linux-x86_64-debian-gcc | 0.1.18 | 3.94 | 48.58 | 52.52 | NOTE | |
r-devel-linux-x86_64-fedora-clang | 0.1.18 | 118.87 | OK | |||
r-devel-linux-x86_64-fedora-gcc | 0.1.18 | 124.04 | OK | |||
r-devel-windows-x86_64 | 0.1.18 | 7.00 | 81.00 | 88.00 | NOTE | |
r-patched-linux-x86_64 | 0.1.18 | 12.38 | 65.13 | 77.51 | OK | |
r-release-linux-x86_64 | 0.1.18 | 5.11 | 66.10 | 71.21 | OK | |
r-release-macos-arm64 | 0.1.18 | 43.00 | OK | |||
r-release-macos-x86_64 | 0.1.18 | 63.00 | OK | |||
r-release-windows-x86_64 | 0.1.18 | 7.00 | 81.00 | 88.00 | OK | |
r-oldrel-macos-arm64 | 0.1.18 | 41.00 | OK | |||
r-oldrel-macos-x86_64 | 0.1.18 | 87.00 | OK | |||
r-oldrel-windows-x86_64 | 0.1.18 | 8.00 | 93.00 | 101.00 | OK |
Version: 0.1.18
Check: Rd cross-references
Result: NOTE
Found the following Rd file(s) with Rd \link{} targets missing package
anchors:
plot.trajectory.Rd: grViz, render_graph
Please provide package anchors for all Rd \link{} targets not in the
package itself and the base packages.
Flavors: r-devel-linux-x86_64-debian-clang, r-devel-linux-x86_64-debian-gcc, r-devel-windows-x86_64