Last updated on 2024-08-07 00:49:28 CEST.
Flavor | Version | Tinstall | Tcheck | Ttotal | Status | Flags |
---|---|---|---|---|---|---|
r-devel-linux-x86_64-debian-clang | 0.1.0 | 2.59 | 63.31 | 65.90 | OK | |
r-devel-linux-x86_64-debian-gcc | 0.1.0 | 2.04 | 44.89 | 46.93 | OK | |
r-devel-linux-x86_64-fedora-clang | 0.1.0 | 108.48 | NOTE | |||
r-devel-linux-x86_64-fedora-gcc | 0.1.0 | 114.95 | NOTE | |||
r-devel-windows-x86_64 | 0.1.0 | 5.00 | 89.00 | 94.00 | OK | |
r-patched-linux-x86_64 | 0.1.0 | 2.84 | 60.90 | 63.74 | OK | |
r-release-linux-x86_64 | 0.1.0 | 2.49 | 60.97 | 63.46 | OK | |
r-release-macos-arm64 | 0.1.0 | 43.00 | OK | |||
r-release-macos-x86_64 | 0.1.0 | 125.00 | OK | |||
r-release-windows-x86_64 | 0.1.0 | 6.00 | 82.00 | 88.00 | OK | |
r-oldrel-macos-arm64 | 0.1.0 | 61.00 | ERROR | |||
r-oldrel-macos-x86_64 | 0.1.0 | 134.00 | ERROR | |||
r-oldrel-windows-x86_64 | 0.1.0 | 6.00 | 97.00 | 103.00 | OK |
Version: 0.1.0
Check: data for non-ASCII characters
Result: NOTE
Note: found 1 marked UTF-8 string
Flavors: r-devel-linux-x86_64-fedora-clang, r-devel-linux-x86_64-fedora-gcc
Version: 0.1.0
Check: running R code from vignettes
Result: ERROR
Errors in running code in vignettes:
when running code in ‘simodels.Rmd’
...
> library(ggplot2)
> library(sf)
Linking to GEOS 3.11.0, GDAL 3.5.3, PROJ 9.1.0; sf_use_s2() is TRUE
> dim(zones_aus)
When sourcing ‘simodels.R’:
Error: object 'zones_aus' not found
Execution halted
‘simodels.Rmd’ using ‘UTF-8’... failed
‘sims-first-principles.Rmd’ using ‘UTF-8’... [11s/12s] OK
Flavor: r-oldrel-macos-arm64
Version: 0.1.0
Check: running R code from vignettes
Result: ERROR
Errors in running code in vignettes:
when running code in ‘simodels.Rmd’
...
> library(ggplot2)
> library(sf)
Linking to GEOS 3.11.0, GDAL 3.5.3, PROJ 9.1.0; sf_use_s2() is TRUE
> dim(zones_aus)
When sourcing ‘simodels.R’:
Error: object 'zones_aus' not found
Execution halted
‘simodels.Rmd’ using ‘UTF-8’... failed
‘sims-first-principles.Rmd’ using ‘UTF-8’... [21s/35s] OK
Flavor: r-oldrel-macos-x86_64