Last updated on 2024-08-07 00:49:28 CEST.
Flavor | Version | Tinstall | Tcheck | Ttotal | Status | Flags |
---|---|---|---|---|---|---|
r-devel-linux-x86_64-debian-clang | 0.4.2 | 1.92 | 49.47 | 51.39 | NOTE | |
r-devel-linux-x86_64-debian-gcc | 0.4.2 | 1.40 | 37.51 | 38.91 | NOTE | |
r-devel-linux-x86_64-fedora-clang | 0.4.2 | 81.34 | NOTE | |||
r-devel-linux-x86_64-fedora-gcc | 0.4.2 | 91.97 | NOTE | |||
r-devel-windows-x86_64 | 0.4.2 | 4.00 | 80.00 | 84.00 | NOTE | |
r-patched-linux-x86_64 | 0.4.2 | 2.08 | 47.90 | 49.98 | NOTE | |
r-release-linux-x86_64 | 0.4.2 | 1.86 | 48.83 | 50.69 | NOTE | |
r-release-macos-arm64 | 0.4.2 | 48.00 | NOTE | |||
r-release-macos-x86_64 | 0.4.2 | 64.00 | NOTE | |||
r-release-windows-x86_64 | 0.4.2 | 3.00 | 79.00 | 82.00 | NOTE | |
r-oldrel-macos-arm64 | 0.4.2 | 53.00 | NOTE | |||
r-oldrel-macos-x86_64 | 0.4.2 | 68.00 | NOTE | |||
r-oldrel-windows-x86_64 | 0.4.2 | 3.00 | 86.00 | 89.00 | NOTE |
Version: 0.4.2
Check: package subdirectories
Result: NOTE
Problems with news in ‘NEWS.md’:
Cannot extract version info from the following section titles:
simpleCache [0.0.1]
Flavors: r-devel-linux-x86_64-debian-clang, r-devel-linux-x86_64-debian-gcc, r-devel-linux-x86_64-fedora-clang, r-devel-linux-x86_64-fedora-gcc, r-devel-windows-x86_64, r-patched-linux-x86_64, r-release-linux-x86_64, r-release-macos-arm64, r-release-macos-x86_64, r-release-windows-x86_64, r-oldrel-macos-arm64, r-oldrel-macos-x86_64, r-oldrel-windows-x86_64