Last updated on 2024-08-07 00:49:28 CEST.
Flavor | Version | Tinstall | Tcheck | Ttotal | Status | Flags |
---|---|---|---|---|---|---|
r-devel-linux-x86_64-debian-clang | 1.0.3 | 1.67 | 121.50 | 123.17 | NOTE | |
r-devel-linux-x86_64-debian-gcc | 1.0.3 | 1.29 | 77.89 | 79.18 | NOTE | |
r-devel-linux-x86_64-fedora-clang | 1.0.3 | 217.54 | NOTE | |||
r-devel-linux-x86_64-fedora-gcc | 1.0.3 | 221.29 | NOTE | |||
r-devel-windows-x86_64 | 1.0.3 | 3.00 | 118.00 | 121.00 | NOTE | |
r-patched-linux-x86_64 | 1.0.3 | 1.81 | 109.79 | 111.60 | NOTE | |
r-release-linux-x86_64 | 1.0.3 | 1.87 | 109.32 | 111.19 | NOTE | |
r-release-macos-arm64 | 1.0.3 | 55.00 | NOTE | |||
r-release-macos-x86_64 | 1.0.3 | 88.00 | NOTE | |||
r-release-windows-x86_64 | 1.0.3 | 2.00 | 118.00 | 120.00 | NOTE | |
r-oldrel-macos-arm64 | 1.0.3 | 60.00 | NOTE | |||
r-oldrel-macos-x86_64 | 1.0.3 | 98.00 | NOTE | |||
r-oldrel-windows-x86_64 | 1.0.3 | 3.00 | 134.00 | 137.00 | NOTE |
Version: 1.0.3
Check: LazyData
Result: NOTE
'LazyData' is specified without a 'data' directory
Flavors: r-devel-linux-x86_64-debian-clang, r-devel-linux-x86_64-debian-gcc, r-devel-linux-x86_64-fedora-clang, r-devel-linux-x86_64-fedora-gcc, r-devel-windows-x86_64, r-patched-linux-x86_64, r-release-linux-x86_64, r-release-macos-arm64, r-release-macos-x86_64, r-release-windows-x86_64, r-oldrel-macos-arm64, r-oldrel-macos-x86_64, r-oldrel-windows-x86_64