Last updated on 2024-08-07 00:49:28 CEST.
Flavor | Version | Tinstall | Tcheck | Ttotal | Status | Flags |
---|---|---|---|---|---|---|
r-devel-linux-x86_64-debian-clang | 1.8.3 | 34.14 | 220.31 | 254.45 | NOTE | |
r-devel-linux-x86_64-debian-gcc | 1.8.3 | 21.81 | 139.00 | 160.81 | NOTE | |
r-devel-linux-x86_64-fedora-clang | 1.8.3 | 441.50 | NOTE | |||
r-devel-linux-x86_64-fedora-gcc | 1.8.3 | 448.75 | NOTE | |||
r-devel-windows-x86_64 | 1.8.3 | 34.00 | 275.00 | 309.00 | NOTE | |
r-patched-linux-x86_64 | 1.8.3 | 32.91 | 210.02 | 242.93 | NOTE | |
r-release-linux-x86_64 | 1.8.3 | 31.08 | 212.35 | 243.43 | NOTE | |
r-release-macos-arm64 | 1.8.3 | 141.00 | OK | |||
r-release-macos-x86_64 | 1.8.3 | 207.00 | OK | |||
r-release-windows-x86_64 | 1.8.3 | 34.00 | 271.00 | 305.00 | NOTE | |
r-oldrel-macos-arm64 | 1.8.3 | 169.00 | OK | |||
r-oldrel-macos-x86_64 | 1.8.3 | 356.00 | OK | |||
r-oldrel-windows-x86_64 | 1.8.3 | 32.00 | 307.00 | 339.00 | OK |
Version: 1.8.3
Check: HTML version of manual
Result: NOTE
Found the following HTML validation problems:
summary.smerc_cluster.html:48:1 (summary.smerc_cluster.Rd:15): Warning: trimming empty <dt>
Flavors: r-devel-linux-x86_64-debian-clang, r-devel-linux-x86_64-debian-gcc, r-devel-linux-x86_64-fedora-clang, r-devel-linux-x86_64-fedora-gcc, r-devel-windows-x86_64, r-patched-linux-x86_64, r-release-linux-x86_64, r-release-windows-x86_64