Last updated on 2024-08-07 00:49:28 CEST.
Flavor | Version | Tinstall | Tcheck | Ttotal | Status | Flags |
---|---|---|---|---|---|---|
r-devel-linux-x86_64-debian-clang | 1.2.0 | 4.36 | 60.32 | 64.68 | OK | |
r-devel-linux-x86_64-debian-gcc | 1.2.0 | 3.20 | 45.49 | 48.69 | OK | |
r-devel-linux-x86_64-fedora-clang | 1.2.0 | 104.93 | NOTE | |||
r-devel-linux-x86_64-fedora-gcc | 1.2.0 | 112.50 | OK | |||
r-devel-windows-x86_64 | 1.2.0 | 5.00 | 105.00 | 110.00 | OK | |
r-patched-linux-x86_64 | 1.2.0 | 5.45 | 57.83 | 63.28 | OK | |
r-release-linux-x86_64 | 1.2.0 | 4.05 | 59.64 | 63.69 | OK | |
r-release-macos-arm64 | 1.2.0 | 47.00 | OK | |||
r-release-macos-x86_64 | 1.2.0 | 62.00 | OK | |||
r-release-windows-x86_64 | 1.2.0 | 5.00 | 106.00 | 111.00 | OK | |
r-oldrel-macos-arm64 | 1.2.0 | 51.00 | OK | |||
r-oldrel-macos-x86_64 | 1.2.0 | 98.00 | OK | |||
r-oldrel-windows-x86_64 | 1.2.0 | 7.00 | 108.00 | 115.00 | OK |
Version: 1.2.0
Check: Rd cross-references
Result: NOTE
Undeclared package ‘numbers’ in Rd xrefs
Flavor: r-devel-linux-x86_64-fedora-clang