Last updated on 2024-08-08 08:49:29 CEST.
Flavor | Version | Tinstall | Tcheck | Ttotal | Status | Flags |
---|---|---|---|---|---|---|
r-devel-linux-x86_64-debian-clang | 1.2 | 2.44 | 24.47 | 26.91 | NOTE | |
r-devel-linux-x86_64-debian-gcc | 1.2 | 1.92 | 19.13 | 21.05 | NOTE | |
r-devel-linux-x86_64-fedora-clang | 1.2 | 42.69 | NOTE | |||
r-devel-linux-x86_64-fedora-gcc | 1.2 | 40.50 | NOTE | |||
r-devel-windows-x86_64 | 1.2 | 3.00 | 45.00 | 48.00 | NOTE | |
r-patched-linux-x86_64 | 1.2 | 2.92 | 24.17 | 27.09 | NOTE | |
r-release-linux-x86_64 | 1.2 | 2.85 | 23.88 | 26.73 | NOTE | |
r-release-macos-arm64 | 1.2 | 17.00 | NOTE | |||
r-release-macos-x86_64 | 1.2 | 26.00 | NOTE | |||
r-release-windows-x86_64 | 1.2 | 5.00 | 51.00 | 56.00 | NOTE | |
r-oldrel-macos-arm64 | 1.2 | 19.00 | OK | |||
r-oldrel-macos-x86_64 | 1.2 | 25.00 | OK | |||
r-oldrel-windows-x86_64 | 1.2 | 3.00 | 45.00 | 48.00 | OK |
Version: 1.2
Check: Rd files
Result: NOTE
checkRd: (-1) s_soda_pred.Rd:8: Lost braces; missing escapes or markup?
8 | S-SODA assumes within each slice the X vector follow multivariate normal distribution. This function predicts the response y by reverting the P(X | slice(y)) to P(slice(y) | X), and estimates the E(y|X) as sum_{h} E(y | slice(y)=h, X) P (slice(y)=h | X)
| ^
Flavors: r-devel-linux-x86_64-debian-clang, r-devel-linux-x86_64-debian-gcc, r-devel-linux-x86_64-fedora-clang, r-devel-linux-x86_64-fedora-gcc, r-devel-windows-x86_64, r-patched-linux-x86_64, r-release-linux-x86_64, r-release-macos-arm64, r-release-macos-x86_64, r-release-windows-x86_64