Last updated on 2024-08-07 00:49:28 CEST.
Flavor | Version | Tinstall | Tcheck | Ttotal | Status | Flags |
---|---|---|---|---|---|---|
r-devel-linux-x86_64-debian-clang | 0.1.3 | 100.97 | 220.07 | 321.04 | OK | |
r-devel-linux-x86_64-debian-gcc | 0.1.3 | 68.49 | 135.09 | 203.58 | OK | |
r-devel-linux-x86_64-fedora-clang | 0.1.3 | 566.19 | OK | |||
r-devel-linux-x86_64-fedora-gcc | 0.1.3 | 535.93 | OK | |||
r-devel-windows-x86_64 | 0.1.3 | 111.00 | 213.00 | 324.00 | OK | |
r-patched-linux-x86_64 | 0.1.3 | 105.48 | 208.87 | 314.35 | OK | |
r-release-linux-x86_64 | 0.1.3 | 102.81 | 207.63 | 310.44 | OK | |
r-release-macos-arm64 | 0.1.3 | 115.00 | NOTE | |||
r-release-macos-x86_64 | 0.1.3 | 162.00 | NOTE | |||
r-release-windows-x86_64 | 0.1.3 | 112.00 | 212.00 | 324.00 | OK | |
r-oldrel-macos-arm64 | 0.1.3 | 114.00 | NOTE | |||
r-oldrel-macos-x86_64 | 0.1.3 | 230.00 | NOTE | |||
r-oldrel-windows-x86_64 | 0.1.3 | 138.00 | 281.00 | 419.00 | OK |
Version: 0.1.3
Check: installed package size
Result: NOTE
installed size is 5.1Mb
sub-directories of 1Mb or more:
R 2.0Mb
libs 2.3Mb
Flavors: r-release-macos-arm64, r-release-macos-x86_64, r-oldrel-macos-arm64, r-oldrel-macos-x86_64