Last updated on 2024-08-07 00:49:28 CEST.
Flavor | Version | Tinstall | Tcheck | Ttotal | Status | Flags |
---|---|---|---|---|---|---|
r-devel-linux-x86_64-debian-clang | 1.3 | 160.34 | 71.09 | 231.43 | OK | |
r-devel-linux-x86_64-debian-gcc | 1.3 | 104.26 | 53.46 | 157.72 | OK | |
r-devel-linux-x86_64-fedora-clang | 1.3 | 444.81 | OK | |||
r-devel-linux-x86_64-fedora-gcc | 1.3 | 477.85 | OK | |||
r-devel-windows-x86_64 | 1.3 | 172.00 | 101.00 | 273.00 | OK | |
r-patched-linux-x86_64 | 1.3 | 144.58 | 68.51 | 213.09 | OK | |
r-release-linux-x86_64 | 1.3 | 146.06 | 68.78 | 214.84 | OK | |
r-release-macos-arm64 | 1.3 | 102.00 | NOTE | |||
r-release-macos-x86_64 | 1.3 | 153.00 | NOTE | |||
r-release-windows-x86_64 | 1.3 | 171.00 | 105.00 | 276.00 | OK | |
r-oldrel-macos-arm64 | 1.3 | 124.00 | NOTE | |||
r-oldrel-macos-x86_64 | 1.3 | 178.00 | NOTE | |||
r-oldrel-windows-x86_64 | 1.3 | 201.00 | 119.00 | 320.00 | OK |
Version: 1.3
Check: installed package size
Result: NOTE
installed size is 13.4Mb
sub-directories of 1Mb or more:
data 3.3Mb
libs 9.5Mb
Flavors: r-release-macos-arm64, r-release-macos-x86_64, r-oldrel-macos-arm64, r-oldrel-macos-x86_64