Last updated on 2024-08-07 00:49:28 CEST.
Flavor | Version | Tinstall | Tcheck | Ttotal | Status | Flags |
---|---|---|---|---|---|---|
r-devel-linux-x86_64-debian-clang | 0.3.3 | 21.24 | 24.24 | 45.48 | OK | |
r-devel-linux-x86_64-debian-gcc | 0.3.3 | 13.85 | 19.23 | 33.08 | OK | |
r-devel-linux-x86_64-fedora-clang | 0.3.3 | 79.47 | OK | |||
r-devel-linux-x86_64-fedora-gcc | 0.3.3 | 78.38 | OK | |||
r-devel-windows-x86_64 | 0.3.3 | 23.00 | 68.00 | 91.00 | OK | |
r-patched-linux-x86_64 | 0.3.3 | 17.66 | 23.34 | 41.00 | OK | |
r-release-linux-x86_64 | 0.3.3 | 19.48 | 23.42 | 42.90 | OK | |
r-release-macos-arm64 | 0.3.3 | 37.00 | NOTE | |||
r-release-macos-x86_64 | 0.3.3 | 36.00 | NOTE | |||
r-release-windows-x86_64 | 0.3.3 | 27.00 | 65.00 | 92.00 | OK | |
r-oldrel-macos-arm64 | 0.3.3 | 44.00 | NOTE | |||
r-oldrel-macos-x86_64 | 0.3.3 | 90.00 | NOTE | |||
r-oldrel-windows-x86_64 | 0.3.3 | 23.00 | 72.00 | 95.00 | OK |
Version: 0.3.3
Check: installed package size
Result: NOTE
installed size is 5.2Mb
sub-directories of 1Mb or more:
include 2.1Mb
libs 3.0Mb
Flavors: r-release-macos-arm64, r-release-macos-x86_64, r-oldrel-macos-arm64, r-oldrel-macos-x86_64