Last updated on 2024-08-13 17:48:26 CEST.
Flavor | Version | Tinstall | Tcheck | Ttotal | Status | Flags |
---|---|---|---|---|---|---|
r-devel-linux-x86_64-debian-clang | 1.3.0 | 3.59 | 35.72 | 39.31 | OK | |
r-devel-linux-x86_64-debian-gcc | 1.3.0 | 2.67 | 26.27 | 28.94 | OK | |
r-devel-linux-x86_64-fedora-clang | 1.3.0 | 65.70 | NOTE | |||
r-devel-linux-x86_64-fedora-gcc | 1.3.0 | 73.40 | NOTE | |||
r-devel-windows-x86_64 | 1.3.0 | 5.00 | 57.00 | 62.00 | OK | |
r-patched-linux-x86_64 | 1.3.0 | 3.25 | 33.96 | 37.21 | OK | |
r-release-linux-x86_64 | 1.3.0 | 3.27 | 33.65 | 36.92 | OK | |
r-release-macos-arm64 | 1.3.0 | 27.00 | OK | |||
r-release-macos-x86_64 | 1.3.0 | 42.00 | OK | |||
r-release-windows-x86_64 | 1.3.0 | 5.00 | 56.00 | 61.00 | OK | |
r-oldrel-macos-arm64 | 1.3.0 | 32.00 | OK | |||
r-oldrel-macos-x86_64 | 1.3.0 | 62.00 | OK | |||
r-oldrel-windows-x86_64 | 1.3.0 | 6.00 | 61.00 | 67.00 | OK |
Version: 1.3.0
Check: data for non-ASCII characters
Result: NOTE
Note: found 1 marked UTF-8 string
Flavors: r-devel-linux-x86_64-fedora-clang, r-devel-linux-x86_64-fedora-gcc