Last updated on 2024-08-07 00:49:28 CEST.
Flavor | Version | Tinstall | Tcheck | Ttotal | Status | Flags |
---|---|---|---|---|---|---|
r-devel-linux-x86_64-debian-clang | 0.2.0 | 6.37 | 51.25 | 57.62 | NOTE | |
r-devel-linux-x86_64-debian-gcc | 0.2.0 | 4.28 | 36.19 | 40.47 | NOTE | |
r-devel-linux-x86_64-fedora-clang | 0.2.0 | 93.95 | OK | |||
r-devel-linux-x86_64-fedora-gcc | 0.2.0 | 86.96 | OK | |||
r-devel-windows-x86_64 | 0.2.0 | 9.00 | 64.00 | 73.00 | NOTE | |
r-patched-linux-x86_64 | 0.2.0 | 11.80 | 49.04 | 60.84 | OK | |
r-release-linux-x86_64 | 0.2.0 | 6.46 | 47.95 | 54.41 | OK | |
r-release-macos-arm64 | 0.2.0 | 29.00 | OK | |||
r-release-macos-x86_64 | 0.2.0 | 45.00 | OK | |||
r-release-windows-x86_64 | 0.2.0 | 8.00 | 64.00 | 72.00 | OK | |
r-oldrel-macos-arm64 | 0.2.0 | 36.00 | OK | |||
r-oldrel-macos-x86_64 | 0.2.0 | 54.00 | OK | |||
r-oldrel-windows-x86_64 | 0.2.0 | 11.00 | 72.00 | 83.00 | OK |
Version: 0.2.0
Check: Rd cross-references
Result: NOTE
Found the following Rd file(s) with Rd \link{} targets missing package
anchors:
xgboost_classifier.Rd: ft_r_formula
xgboost_regressor.Rd: ft_r_formula, ml_save
Please provide package anchors for all Rd \link{} targets not in the
package itself and the base packages.
Flavors: r-devel-linux-x86_64-debian-clang, r-devel-linux-x86_64-debian-gcc, r-devel-windows-x86_64