Last updated on 2024-08-07 00:49:28 CEST.
Flavor | Version | Tinstall | Tcheck | Ttotal | Status | Flags |
---|---|---|---|---|---|---|
r-devel-linux-x86_64-debian-clang | 0.1.3 | 20.75 | 70.70 | 91.45 | NOTE | |
r-devel-linux-x86_64-debian-gcc | 0.1.3 | 12.94 | 52.22 | 65.16 | NOTE | |
r-devel-linux-x86_64-fedora-clang | 0.1.3 | 147.16 | NOTE | |||
r-devel-linux-x86_64-fedora-gcc | 0.1.3 | 139.92 | NOTE | |||
r-devel-windows-x86_64 | 0.1.3 | 26.00 | 97.00 | 123.00 | NOTE | |
r-patched-linux-x86_64 | 0.1.3 | 17.60 | 66.78 | 84.38 | NOTE | |
r-release-linux-x86_64 | 0.1.3 | 17.73 | 66.89 | 84.62 | NOTE | |
r-release-macos-arm64 | 0.1.3 | 43.00 | NOTE | |||
r-release-macos-x86_64 | 0.1.3 | 62.00 | NOTE | |||
r-release-windows-x86_64 | 0.1.3 | 26.00 | 97.00 | 123.00 | NOTE | |
r-oldrel-macos-arm64 | 0.1.3 | 49.00 | NOTE | |||
r-oldrel-macos-x86_64 | 0.1.3 | 76.00 | NOTE | |||
r-oldrel-windows-x86_64 | 0.1.3 | 31.00 | 121.00 | 152.00 | NOTE |
Version: 0.1.3
Check: Rd files
Result: NOTE
checkRd: (-1) cholsolveAQinvAT.Rd:5: Lost braces; missing escapes or markup?
5 | \title{Solve the equation X = AQ^{-1}t(A) under permutations}
| ^
Flavors: r-devel-linux-x86_64-debian-clang, r-devel-linux-x86_64-debian-gcc, r-devel-linux-x86_64-fedora-clang, r-devel-linux-x86_64-fedora-gcc, r-devel-windows-x86_64, r-patched-linux-x86_64, r-release-linux-x86_64, r-release-macos-arm64, r-release-macos-x86_64, r-release-windows-x86_64
Version: 0.1.3
Check: LazyData
Result: NOTE
'LazyData' is specified without a 'data' directory
Flavors: r-devel-linux-x86_64-debian-clang, r-devel-linux-x86_64-debian-gcc, r-devel-linux-x86_64-fedora-clang, r-devel-linux-x86_64-fedora-gcc, r-devel-windows-x86_64, r-patched-linux-x86_64, r-release-linux-x86_64, r-release-macos-arm64, r-release-macos-x86_64, r-release-windows-x86_64, r-oldrel-macos-arm64, r-oldrel-macos-x86_64, r-oldrel-windows-x86_64