Last updated on 2024-08-07 00:49:28 CEST.
Flavor | Version | Tinstall | Tcheck | Ttotal | Status | Flags |
---|---|---|---|---|---|---|
r-devel-linux-x86_64-debian-clang | 1.3-4 | 24.97 | 244.22 | 269.19 | NOTE | |
r-devel-linux-x86_64-debian-gcc | 1.3-4 | 17.50 | 169.55 | 187.05 | NOTE | |
r-devel-linux-x86_64-fedora-clang | 1.3-4 | 449.97 | OK | |||
r-devel-linux-x86_64-fedora-gcc | 1.3-4 | 420.14 | OK | |||
r-devel-windows-x86_64 | 1.3-4 | 29.00 | 239.00 | 268.00 | NOTE | |
r-patched-linux-x86_64 | 1.3-4 | 29.44 | 232.76 | 262.20 | OK | |
r-release-linux-x86_64 | 1.3-4 | 25.35 | 234.63 | 259.98 | OK | |
r-release-macos-arm64 | 1.3-4 | 120.00 | OK | |||
r-release-macos-x86_64 | 1.3-4 | 359.00 | OK | |||
r-release-windows-x86_64 | 1.3-4 | 30.00 | 242.00 | 272.00 | OK | |
r-oldrel-macos-arm64 | 1.3-4 | 144.00 | OK | |||
r-oldrel-macos-x86_64 | 1.3-4 | 304.00 | OK | |||
r-oldrel-windows-x86_64 | 1.3-4 | 37.00 | 308.00 | 345.00 | OK |
Version: 1.3-4
Check: Rd cross-references
Result: NOTE
Found the following Rd file(s) with Rd \link{} targets missing package
anchors:
SpatialFiltering.Rd: nb2listw, listw2U
impacts.Rd: nb2listw
invIrM.Rd: nb2listw
trW.Rd: nb2listw
Please provide package anchors for all Rd \link{} targets not in the
package itself and the base packages.
Flavors: r-devel-linux-x86_64-debian-clang, r-devel-linux-x86_64-debian-gcc, r-devel-windows-x86_64