Last updated on 2024-08-07 00:49:28 CEST.
Flavor | Version | Tinstall | Tcheck | Ttotal | Status | Flags |
---|---|---|---|---|---|---|
r-devel-linux-x86_64-debian-clang | 1.3-5 | 21.88 | 227.44 | 249.32 | OK | |
r-devel-linux-x86_64-debian-gcc | 1.3-5 | 13.99 | 159.97 | 173.96 | OK | |
r-devel-linux-x86_64-fedora-clang | 1.3-5 | 412.02 | NOTE | |||
r-devel-linux-x86_64-fedora-gcc | 1.3-5 | 391.11 | OK | |||
r-devel-windows-x86_64 | 1.3-5 | 34.00 | 262.00 | 296.00 | NOTE | |
r-patched-linux-x86_64 | 1.3-5 | 23.73 | 217.85 | 241.58 | OK | |
r-release-linux-x86_64 | 1.3-5 | 20.95 | 217.47 | 238.42 | OK | |
r-release-macos-arm64 | 1.3-5 | 114.00 | NOTE | |||
r-release-macos-x86_64 | 1.3-5 | 327.00 | NOTE | |||
r-release-windows-x86_64 | 1.3-5 | 33.00 | 259.00 | 292.00 | NOTE | |
r-oldrel-macos-arm64 | 1.3-5 | 125.00 | NOTE | |||
r-oldrel-macos-x86_64 | 1.3-5 | 234.00 | NOTE | |||
r-oldrel-windows-x86_64 | 1.3-5 | 41.00 | 315.00 | 356.00 | NOTE |
Version: 1.3-5
Check: installed package size
Result: NOTE
installed size is 8.2Mb
sub-directories of 1Mb or more:
doc 5.3Mb
etc 1.4Mb
Flavors: r-devel-linux-x86_64-fedora-clang, r-devel-windows-x86_64, r-release-macos-arm64, r-release-macos-x86_64, r-release-windows-x86_64, r-oldrel-macos-arm64, r-oldrel-macos-x86_64, r-oldrel-windows-x86_64