Last updated on 2024-08-07 00:49:28 CEST.
Flavor | Version | Tinstall | Tcheck | Ttotal | Status | Flags |
---|---|---|---|---|---|---|
r-devel-linux-x86_64-debian-clang | 1.0.2 | 32.43 | 35.50 | 67.93 | NOTE | |
r-devel-linux-x86_64-debian-gcc | 1.0.2 | 26.03 | 27.97 | 54.00 | NOTE | |
r-devel-linux-x86_64-fedora-clang | 1.0.2 | 127.15 | NOTE | |||
r-devel-linux-x86_64-fedora-gcc | 1.0.2 | 145.01 | NOTE | |||
r-devel-windows-x86_64 | 1.0.2 | 37.00 | 77.00 | 114.00 | NOTE | |
r-patched-linux-x86_64 | 1.0.2 | 33.74 | 34.40 | 68.14 | NOTE | |
r-release-linux-x86_64 | 1.0.2 | 34.34 | 34.15 | 68.49 | NOTE | |
r-release-macos-arm64 | 1.0.2 | 48.00 | NOTE | |||
r-release-macos-x86_64 | 1.0.2 | 62.00 | NOTE | |||
r-release-windows-x86_64 | 1.0.2 | 37.00 | 81.00 | 118.00 | NOTE | |
r-oldrel-macos-arm64 | 1.0.2 | 52.00 | NOTE | |||
r-oldrel-macos-x86_64 | 1.0.2 | 95.00 | NOTE | |||
r-oldrel-windows-x86_64 | 1.0.2 | 48.00 | 89.00 | 137.00 | NOTE |
Version: 1.0.2
Check: C++ specification
Result: NOTE
Specified C++11: please drop specification unless essential
Flavors: r-devel-linux-x86_64-debian-clang, r-devel-linux-x86_64-debian-gcc, r-devel-linux-x86_64-fedora-clang, r-devel-linux-x86_64-fedora-gcc, r-devel-windows-x86_64, r-patched-linux-x86_64, r-release-linux-x86_64, r-release-macos-arm64, r-release-macos-x86_64, r-release-windows-x86_64, r-oldrel-macos-arm64, r-oldrel-macos-x86_64, r-oldrel-windows-x86_64
Version: 1.0.2
Check: installed package size
Result: NOTE
installed size is 6.9Mb
sub-directories of 1Mb or more:
libs 6.6Mb
Flavors: r-release-macos-arm64, r-release-macos-x86_64, r-oldrel-macos-arm64, r-oldrel-macos-x86_64