Last updated on 2024-08-07 00:49:28 CEST.
Flavor | Version | Tinstall | Tcheck | Ttotal | Status | Flags |
---|---|---|---|---|---|---|
r-devel-linux-x86_64-debian-clang | 0.2.1 | 103.27 | 60.78 | 164.05 | OK | |
r-devel-linux-x86_64-debian-gcc | 0.2.1 | 61.99 | 40.67 | 102.66 | OK | |
r-devel-linux-x86_64-fedora-clang | 0.2.1 | 297.94 | OK | |||
r-devel-linux-x86_64-fedora-gcc | 0.2.1 | 300.09 | OK | |||
r-devel-windows-x86_64 | 0.2.1 | 94.00 | 90.00 | 184.00 | OK | |
r-patched-linux-x86_64 | 0.2.1 | 79.68 | 54.50 | 134.18 | OK | |
r-release-linux-x86_64 | 0.2.1 | 87.57 | 54.87 | 142.44 | OK | |
r-release-macos-arm64 | 0.2.1 | 66.00 | NOTE | |||
r-release-macos-x86_64 | 0.2.1 | 72.00 | NOTE | |||
r-release-windows-x86_64 | 0.2.1 | 96.00 | 94.00 | 190.00 | OK | |
r-oldrel-macos-arm64 | 0.2.1 | 78.00 | NOTE | |||
r-oldrel-macos-x86_64 | 0.2.1 | 102.00 | NOTE | |||
r-oldrel-windows-x86_64 | 0.2.1 | 115.00 | 110.00 | 225.00 | OK |
Version: 0.2.1
Check: installed package size
Result: NOTE
installed size is 6.6Mb
sub-directories of 1Mb or more:
libs 6.0Mb
Flavors: r-release-macos-arm64, r-release-macos-x86_64, r-oldrel-macos-arm64, r-oldrel-macos-x86_64