Last updated on 2024-08-07 00:49:28 CEST.
Flavor | Version | Tinstall | Tcheck | Ttotal | Status | Flags |
---|---|---|---|---|---|---|
r-devel-linux-x86_64-debian-clang | 0.5.3 | 29.24 | 47.14 | 76.38 | OK | |
r-devel-linux-x86_64-debian-gcc | 0.5.3 | 19.97 | 36.90 | 56.87 | OK | |
r-devel-linux-x86_64-fedora-clang | 0.5.3 | 137.84 | OK | |||
r-devel-linux-x86_64-fedora-gcc | 0.5.3 | 150.56 | OK | |||
r-devel-windows-x86_64 | 0.5.3 | 32.00 | 90.00 | 122.00 | OK | |
r-patched-linux-x86_64 | 0.5.3 | 25.37 | 45.61 | 70.98 | OK | |
r-release-linux-x86_64 | 0.5.3 | 25.08 | 45.40 | 70.48 | OK | |
r-release-macos-arm64 | 0.5.3 | 52.00 | NOTE | |||
r-release-macos-x86_64 | 0.5.3 | 117.00 | NOTE | |||
r-release-windows-x86_64 | 0.5.3 | 32.00 | 94.00 | 126.00 | OK | |
r-oldrel-macos-arm64 | 0.5.3 | 65.00 | NOTE | |||
r-oldrel-macos-x86_64 | 0.5.3 | 84.00 | NOTE | |||
r-oldrel-windows-x86_64 | 0.5.3 | 38.00 | 99.00 | 137.00 | OK |
Version: 0.5.3
Check: installed package size
Result: NOTE
installed size is 5.1Mb
sub-directories of 1Mb or more:
doc 1.2Mb
libs 3.3Mb
Flavors: r-release-macos-arm64, r-release-macos-x86_64, r-oldrel-macos-arm64, r-oldrel-macos-x86_64