Last updated on 2024-08-07 00:49:28 CEST.
Flavor | Version | Tinstall | Tcheck | Ttotal | Status | Flags |
---|---|---|---|---|---|---|
r-devel-linux-x86_64-debian-clang | 1.0.3 | 14.62 | 144.13 | 158.75 | OK | |
r-devel-linux-x86_64-debian-gcc | 1.0.3 | 11.27 | 97.63 | 108.90 | OK | |
r-devel-linux-x86_64-fedora-clang | 1.0.3 | 275.70 | NOTE | |||
r-devel-linux-x86_64-fedora-gcc | 1.0.3 | 254.80 | OK | |||
r-devel-windows-x86_64 | 1.0.3 | 18.00 | 155.00 | 173.00 | OK | |
r-patched-linux-x86_64 | 1.0.3 | 15.95 | 132.84 | 148.79 | OK | |
r-release-linux-x86_64 | 1.0.3 | 15.52 | 133.26 | 148.78 | OK | |
r-release-macos-arm64 | 1.0.3 | 76.00 | OK | |||
r-release-macos-x86_64 | 1.0.3 | 113.00 | OK | |||
r-release-windows-x86_64 | 1.0.3 | 19.00 | 158.00 | 177.00 | OK | |
r-oldrel-macos-arm64 | 1.0.3 | 85.00 | OK | |||
r-oldrel-macos-x86_64 | 1.0.3 | 126.00 | OK | |||
r-oldrel-windows-x86_64 | 1.0.3 | 24.00 | 189.00 | 213.00 | OK |
Version: 1.0.3
Check: Rd cross-references
Result: NOTE
Undeclared package ‘plyr’ in Rd xrefs
Flavor: r-devel-linux-x86_64-fedora-clang