Last updated on 2024-08-07 00:49:29 CEST.
Flavor | Version | Tinstall | Tcheck | Ttotal | Status | Flags |
---|---|---|---|---|---|---|
r-devel-linux-x86_64-debian-clang | 0.7-17 | 4.32 | 95.84 | 100.16 | NOTE | |
r-devel-linux-x86_64-debian-gcc | 0.7-17 | 3.51 | 57.83 | 61.34 | NOTE | |
r-devel-linux-x86_64-fedora-clang | 0.7-17 | 170.34 | OK | |||
r-devel-linux-x86_64-fedora-gcc | 0.7-17 | 167.50 | OK | |||
r-devel-windows-x86_64 | 0.7-17 | 6.00 | 111.00 | 117.00 | NOTE | |
r-patched-linux-x86_64 | 0.7-17 | 5.10 | 91.18 | 96.28 | OK | |
r-release-linux-x86_64 | 0.7-17 | 4.67 | 93.55 | 98.22 | OK | |
r-release-macos-arm64 | 0.7-17 | 44.00 | OK | |||
r-release-macos-x86_64 | 0.7-17 | 84.00 | OK | |||
r-release-windows-x86_64 | 0.7-17 | 5.00 | 114.00 | 119.00 | OK | |
r-oldrel-macos-arm64 | 0.7-17 | 58.00 | OK | |||
r-oldrel-macos-x86_64 | 0.7-17 | 120.00 | OK | |||
r-oldrel-windows-x86_64 | 0.7-17 | 5.00 | 136.00 | 141.00 | OK |
Version: 0.7-17
Check: Rd cross-references
Result: NOTE
Found the following Rd file(s) with Rd \link{} targets missing package
anchors:
plot.Rd: levelplot
Please provide package anchors for all Rd \link{} targets not in the
package itself and the base packages.
Flavors: r-devel-linux-x86_64-debian-clang, r-devel-linux-x86_64-debian-gcc, r-devel-windows-x86_64