Last updated on 2024-08-07 00:49:29 CEST.
Flavor | Version | Tinstall | Tcheck | Ttotal | Status | Flags |
---|---|---|---|---|---|---|
r-devel-linux-x86_64-debian-clang | 0.1-5 | 9.73 | 122.83 | 132.56 | NOTE | |
r-devel-linux-x86_64-debian-gcc | 0.1-5 | 6.79 | 82.42 | 89.21 | NOTE | |
r-devel-linux-x86_64-fedora-clang | 0.1-5 | 232.95 | NOTE | |||
r-devel-linux-x86_64-fedora-gcc | 0.1-5 | 214.85 | NOTE | |||
r-devel-windows-x86_64 | 0.1-5 | 11.00 | 123.00 | 134.00 | NOTE | |
r-patched-linux-x86_64 | 0.1-5 | 15.02 | 118.21 | 133.23 | OK | |
r-release-linux-x86_64 | 0.1-5 | 9.31 | 117.49 | 126.80 | OK | |
r-release-macos-arm64 | 0.1-5 | 61.00 | OK | |||
r-release-macos-x86_64 | 0.1-5 | 100.00 | OK | |||
r-release-windows-x86_64 | 0.1-5 | 11.00 | 127.00 | 138.00 | OK | |
r-oldrel-macos-arm64 | 0.1-5 | 65.00 | OK | |||
r-oldrel-macos-x86_64 | 0.1-5 | 124.00 | OK | |||
r-oldrel-windows-x86_64 | 0.1-5 | 15.00 | 159.00 | 174.00 | OK |
Version: 0.1-5
Check: Rd cross-references
Result: NOTE
Found the following Rd file(s) with Rd \link{} targets missing package
anchors:
LearnerList.Rd: ctree
accuracy.Rd: classAgreement
stabletree-coercion.Rd: randomForest, RandomForest-class, cforest,
ranger
stabletree.Rd: as.party
Please provide package anchors for all Rd \link{} targets not in the
package itself and the base packages.
Flavors: r-devel-linux-x86_64-debian-clang, r-devel-linux-x86_64-debian-gcc, r-devel-windows-x86_64
Version: 0.1-5
Check: data for non-ASCII characters
Result: NOTE
Note: found 123 marked UTF-8 strings
Flavors: r-devel-linux-x86_64-fedora-clang, r-devel-linux-x86_64-fedora-gcc