Last updated on 2024-08-07 00:49:29 CEST.
Flavor | Version | Tinstall | Tcheck | Ttotal | Status | Flags |
---|---|---|---|---|---|---|
r-devel-linux-x86_64-debian-clang | 0.0-8 | 150.96 | 82.83 | 233.79 | NOTE | |
r-devel-linux-x86_64-debian-gcc | 0.0-8 | 114.65 | 58.58 | 173.23 | NOTE | |
r-devel-linux-x86_64-fedora-clang | 0.0-8 | 379.75 | OK | |||
r-devel-linux-x86_64-fedora-gcc | 0.0-8 | 423.31 | OK | |||
r-devel-windows-x86_64 | 0.0-8 | 170.00 | 115.00 | 285.00 | NOTE | |
r-patched-linux-x86_64 | 0.0-8 | 149.20 | 77.68 | 226.88 | OK | |
r-release-linux-x86_64 | 0.0-8 | 160.00 | 78.70 | 238.70 | OK | |
r-release-macos-arm64 | 0.0-8 | 119.00 | NOTE | |||
r-release-macos-x86_64 | 0.0-8 | 164.00 | NOTE | |||
r-release-windows-x86_64 | 0.0-8 | 169.00 | 120.00 | 289.00 | OK | |
r-oldrel-macos-arm64 | 0.0-8 | 125.00 | NOTE | |||
r-oldrel-macos-x86_64 | 0.0-8 | 306.00 | NOTE | |||
r-oldrel-windows-x86_64 | 0.0-8 | 209.00 | 149.00 | 358.00 | OK |
Version: 0.0-8
Check: Rd cross-references
Result: NOTE
Found the following Rd file(s) with Rd \link{} targets missing package
anchors:
generics.Rd: bart
stan4bart.Rd: bart, dbartsControl, dbartsData
Please provide package anchors for all Rd \link{} targets not in the
package itself and the base packages.
Flavors: r-devel-linux-x86_64-debian-clang, r-devel-linux-x86_64-debian-gcc, r-devel-windows-x86_64
Version: 0.0-8
Check: installed package size
Result: NOTE
installed size is 50.3Mb
sub-directories of 1Mb or more:
libs 50.0Mb
Flavors: r-release-macos-arm64, r-release-macos-x86_64, r-oldrel-macos-arm64, r-oldrel-macos-x86_64