Last updated on 2024-08-07 00:49:29 CEST.
Flavor | Version | Tinstall | Tcheck | Ttotal | Status | Flags |
---|---|---|---|---|---|---|
r-devel-linux-x86_64-debian-clang | 3.2.2 | 6.78 | 115.22 | 122.00 | NOTE | |
r-devel-linux-x86_64-debian-gcc | 3.2.2 | 4.97 | 93.13 | 98.10 | NOTE | |
r-devel-linux-x86_64-fedora-clang | 3.2.2 | 205.66 | NOTE | |||
r-devel-linux-x86_64-fedora-gcc | 3.2.2 | 196.96 | NOTE | |||
r-devel-windows-x86_64 | 3.2.2 | 8.00 | 149.00 | 157.00 | NOTE | |
r-patched-linux-x86_64 | 3.2.2 | 7.36 | 111.54 | 118.90 | NOTE | |
r-release-linux-x86_64 | 3.2.2 | 6.73 | 111.92 | 118.65 | NOTE | |
r-release-macos-arm64 | 3.2.2 | 150.00 | NOTE | |||
r-release-macos-x86_64 | 3.2.2 | 223.00 | NOTE | |||
r-release-windows-x86_64 | 3.2.2 | 10.00 | 155.00 | 165.00 | NOTE | |
r-oldrel-macos-arm64 | 3.2.2 | 76.00 | OK | |||
r-oldrel-macos-x86_64 | 3.2.2 | 372.00 | OK | |||
r-oldrel-windows-x86_64 | 3.2.2 | 9.00 | 157.00 | 166.00 | OK |
Version: 3.2.2
Check: Rd files
Result: NOTE
checkRd: (-1) get_fields.Rd:27: Lost braces
27 | codes, the function will return a warning by default, suggesting setting \code{convert_field_names} to code{TRUE}.
| ^
checkRd: (-1) identify_form_fields.Rd:34: Lost braces
34 | codes, the function will return a warning by default, suggesting setting \code{convert_field_names} to code{TRUE}.
| ^
Flavors: r-devel-linux-x86_64-debian-clang, r-devel-linux-x86_64-debian-gcc, r-devel-linux-x86_64-fedora-clang, r-devel-linux-x86_64-fedora-gcc, r-devel-windows-x86_64, r-patched-linux-x86_64, r-release-linux-x86_64, r-release-macos-arm64, r-release-macos-x86_64, r-release-windows-x86_64