Last updated on 2024-08-08 08:49:30 CEST.
Flavor | Version | Tinstall | Tcheck | Ttotal | Status | Flags |
---|---|---|---|---|---|---|
r-devel-linux-x86_64-debian-clang | 0.9.2 | 1.70 | 18.57 | 20.27 | OK | |
r-devel-linux-x86_64-debian-gcc | 0.9.2 | 1.46 | 15.60 | 17.06 | OK | |
r-devel-linux-x86_64-fedora-clang | 0.9.2 | 34.68 | NOTE | |||
r-devel-linux-x86_64-fedora-gcc | 0.9.2 | 31.41 | NOTE | |||
r-devel-windows-x86_64 | 0.9.2 | 3.00 | 43.00 | 46.00 | OK | |
r-patched-linux-x86_64 | 0.9.2 | 2.15 | 17.91 | 20.06 | OK | |
r-release-linux-x86_64 | 0.9.2 | 1.83 | 17.95 | 19.78 | OK | |
r-release-macos-arm64 | 0.9.2 | 15.00 | OK | |||
r-release-macos-x86_64 | 0.9.2 | 21.00 | OK | |||
r-release-windows-x86_64 | 0.9.2 | 4.00 | 43.00 | 47.00 | OK | |
r-oldrel-macos-arm64 | 0.9.2 | 18.00 | OK | |||
r-oldrel-macos-x86_64 | 0.9.2 | 22.00 | OK | |||
r-oldrel-windows-x86_64 | 0.9.2 | 4.00 | 44.00 | 48.00 | OK |
Version: 0.9.2
Check: data for non-ASCII characters
Result: NOTE
Note: found 1 marked Latin-1 string
Note: found 18 marked UTF-8 strings
Flavors: r-devel-linux-x86_64-fedora-clang, r-devel-linux-x86_64-fedora-gcc