Last updated on 2024-08-07 00:49:29 CEST.
Flavor | Version | Tinstall | Tcheck | Ttotal | Status | Flags |
---|---|---|---|---|---|---|
r-devel-linux-x86_64-debian-clang | 1.0.7 | 61.88 | 90.21 | 152.09 | OK | |
r-devel-linux-x86_64-debian-gcc | 1.0.7 | 44.34 | 66.03 | 110.37 | OK | |
r-devel-linux-x86_64-fedora-clang | 1.0.7 | 313.51 | NOTE | |||
r-devel-linux-x86_64-fedora-gcc | 1.0.7 | 294.92 | NOTE | |||
r-devel-windows-x86_64 | 1.0.7 | 80.00 | 138.00 | 218.00 | OK | |
r-patched-linux-x86_64 | 1.0.7 | 59.28 | 85.82 | 145.10 | OK | |
r-release-linux-x86_64 | 1.0.7 | 58.24 | 87.12 | 145.36 | OK | |
r-release-macos-arm64 | 1.0.7 | 83.00 | NOTE | |||
r-release-macos-x86_64 | 1.0.7 | 107.00 | NOTE | |||
r-release-windows-x86_64 | 1.0.7 | 85.00 | 136.00 | 221.00 | OK | |
r-oldrel-macos-arm64 | 1.0.7 | 81.00 | NOTE | |||
r-oldrel-macos-x86_64 | 1.0.7 | 150.00 | NOTE | |||
r-oldrel-windows-x86_64 | 1.0.7 | 91.00 | 158.00 | 249.00 | OK |
Version: 1.0.7
Check: dependencies in R code
Result: NOTE
Namespace in Imports field not imported from: ‘statgenGWAS’
All declared Imports should be used.
Flavors: r-devel-linux-x86_64-fedora-clang, r-devel-linux-x86_64-fedora-gcc
Version: 1.0.7
Check: installed package size
Result: NOTE
installed size is 7.3Mb
sub-directories of 1Mb or more:
extdata 2.4Mb
libs 4.2Mb
Flavors: r-release-macos-arm64, r-release-macos-x86_64, r-oldrel-macos-arm64, r-oldrel-macos-x86_64