Last updated on 2024-08-07 00:49:29 CEST.
Flavor | Version | Tinstall | Tcheck | Ttotal | Status | Flags |
---|---|---|---|---|---|---|
r-devel-linux-x86_64-debian-clang | 0.3.1 | 64.04 | 90.02 | 154.06 | OK | |
r-devel-linux-x86_64-debian-gcc | 0.3.1 | 40.47 | 65.85 | 106.32 | OK | |
r-devel-linux-x86_64-fedora-clang | 0.3.1 | 283.74 | OK | |||
r-devel-linux-x86_64-fedora-gcc | 0.3.1 | 269.75 | OK | |||
r-devel-windows-x86_64 | 0.3.1 | 68.00 | 118.00 | 186.00 | OK | |
r-patched-linux-x86_64 | 0.3.1 | 58.56 | 85.12 | 143.68 | OK | |
r-release-linux-x86_64 | 0.3.1 | 56.15 | 87.08 | 143.23 | OK | |
r-release-macos-arm64 | 0.3.1 | 58.00 | NOTE | |||
r-release-macos-x86_64 | 0.3.1 | 82.00 | NOTE | |||
r-release-windows-x86_64 | 0.3.1 | 69.00 | 115.00 | 184.00 | OK | |
r-oldrel-macos-arm64 | 0.3.1 | 70.00 | NOTE | |||
r-oldrel-macos-x86_64 | 0.3.1 | 140.00 | NOTE | |||
r-oldrel-windows-x86_64 | 0.3.1 | 82.00 | 140.00 | 222.00 | OK |
Version: 0.3.1
Check: installed package size
Result: NOTE
installed size is 6.9Mb
sub-directories of 1Mb or more:
data 2.3Mb
libs 4.3Mb
Flavors: r-release-macos-arm64, r-release-macos-x86_64, r-oldrel-macos-arm64, r-oldrel-macos-x86_64