Last updated on 2024-08-07 00:49:29 CEST.
Flavor | Version | Tinstall | Tcheck | Ttotal | Status | Flags |
---|---|---|---|---|---|---|
r-devel-linux-x86_64-debian-clang | 0.9.6 | 83.93 | 131.17 | 215.10 | OK | |
r-devel-linux-x86_64-debian-gcc | 0.9.6 | 69.64 | 82.13 | 151.77 | OK | |
r-devel-linux-x86_64-fedora-clang | 0.9.6 | 362.56 | OK | |||
r-devel-linux-x86_64-fedora-gcc | 0.9.6 | 398.70 | OK | |||
r-devel-windows-x86_64 | 0.9.6 | 87.00 | 154.00 | 241.00 | OK | |
r-patched-linux-x86_64 | 0.9.6 | 92.07 | 124.34 | 216.41 | OK | |
r-release-linux-x86_64 | 0.9.6 | 93.42 | 124.84 | 218.26 | OK | |
r-release-macos-arm64 | 0.9.6 | 95.00 | NOTE | |||
r-release-macos-x86_64 | 0.9.6 | 119.00 | NOTE | |||
r-release-windows-x86_64 | 0.9.6 | 83.00 | 152.00 | 235.00 | OK | |
r-oldrel-macos-arm64 | 0.9.6 | 97.00 | NOTE | |||
r-oldrel-macos-x86_64 | 0.9.6 | 226.00 | NOTE | |||
r-oldrel-windows-x86_64 | 0.9.6 | 87.00 | 199.00 | 286.00 | OK |
Version: 0.9.6
Check: installed package size
Result: NOTE
installed size is 24.1Mb
sub-directories of 1Mb or more:
libs 23.9Mb
Flavors: r-release-macos-arm64, r-release-macos-x86_64, r-oldrel-macos-arm64, r-oldrel-macos-x86_64