Last updated on 2024-08-07 00:49:29 CEST.
Flavor | Version | Tinstall | Tcheck | Ttotal | Status | Flags |
---|---|---|---|---|---|---|
r-devel-linux-x86_64-debian-clang | 1.0.1 | 154.83 | 136.17 | 291.00 | OK | |
r-devel-linux-x86_64-debian-gcc | 1.0.1 | 139.20 | 100.20 | 239.40 | OK | |
r-devel-linux-x86_64-fedora-clang | 1.0.1 | 459.74 | OK | |||
r-devel-linux-x86_64-fedora-gcc | 1.0.1 | 620.72 | OK | |||
r-devel-windows-x86_64 | 1.0.1 | 158.00 | 163.00 | 321.00 | NOTE | |
r-patched-linux-x86_64 | 1.0.1 | 180.81 | 133.33 | 314.14 | OK | |
r-release-linux-x86_64 | 1.0.1 | 180.43 | 133.28 | 313.71 | OK | |
r-release-macos-arm64 | 1.0.1 | 121.00 | NOTE | |||
r-release-macos-x86_64 | 1.0.1 | 219.00 | NOTE | |||
r-release-windows-x86_64 | 1.0.1 | 157.00 | 164.00 | 321.00 | NOTE | |
r-oldrel-macos-arm64 | 1.0.1 | 183.00 | NOTE | |||
r-oldrel-macos-x86_64 | 1.0.1 | 289.00 | NOTE | |||
r-oldrel-windows-x86_64 | 1.0.1 | 202.00 | 202.00 | 404.00 | NOTE |
Version: 1.0.1
Check: installed package size
Result: NOTE
installed size is 14.5Mb
sub-directories of 1Mb or more:
libs 13.4Mb
Flavors: r-devel-windows-x86_64, r-release-macos-arm64, r-release-macos-x86_64, r-release-windows-x86_64, r-oldrel-macos-arm64, r-oldrel-macos-x86_64, r-oldrel-windows-x86_64