Last updated on 2024-08-07 00:49:29 CEST.
Flavor | Version | Tinstall | Tcheck | Ttotal | Status | Flags |
---|---|---|---|---|---|---|
r-devel-linux-x86_64-debian-clang | 1.3.0 | 33.61 | 36.36 | 69.97 | OK | |
r-devel-linux-x86_64-debian-gcc | 1.3.0 | 23.43 | 27.68 | 51.11 | OK | |
r-devel-linux-x86_64-fedora-clang | 1.3.0 | 114.94 | NOTE | |||
r-devel-linux-x86_64-fedora-gcc | 1.3.0 | 107.32 | NOTE | |||
r-devel-windows-x86_64 | 1.3.0 | 33.00 | 69.00 | 102.00 | OK | |
r-patched-linux-x86_64 | 1.3.0 | 33.52 | 34.09 | 67.61 | OK | |
r-release-linux-x86_64 | 1.3.0 | 31.18 | 34.38 | 65.56 | OK | |
r-release-macos-arm64 | 1.3.0 | 52.00 | OK | |||
r-release-macos-x86_64 | 1.3.0 | 70.00 | OK | |||
r-release-windows-x86_64 | 1.3.0 | 33.00 | 68.00 | 101.00 | OK | |
r-oldrel-macos-arm64 | 1.3.0 | 55.00 | OK | |||
r-oldrel-macos-x86_64 | 1.3.0 | 112.00 | OK | |||
r-oldrel-windows-x86_64 | 1.3.0 | 31.00 | 72.00 | 103.00 | OK |
Version: 1.3.0
Check: data for non-ASCII characters
Result: NOTE
Note: found 534 marked UTF-8 strings
Flavors: r-devel-linux-x86_64-fedora-clang, r-devel-linux-x86_64-fedora-gcc