Last updated on 2024-08-07 00:49:29 CEST.
Flavor | Version | Tinstall | Tcheck | Ttotal | Status | Flags |
---|---|---|---|---|---|---|
r-devel-linux-x86_64-debian-clang | 1.0.0 | 4.03 | 36.89 | 40.92 | NOTE | |
r-devel-linux-x86_64-debian-gcc | 1.0.0 | 3.24 | 27.65 | 30.89 | NOTE | |
r-devel-linux-x86_64-fedora-clang | 1.0.0 | 63.83 | NOTE | |||
r-devel-linux-x86_64-fedora-gcc | 1.0.0 | 61.46 | NOTE | |||
r-devel-windows-x86_64 | 1.0.0 | 6.00 | 57.00 | 63.00 | NOTE | |
r-patched-linux-x86_64 | 1.0.0 | 3.72 | 35.31 | 39.03 | NOTE | |
r-release-linux-x86_64 | 1.0.0 | 3.90 | 35.25 | 39.15 | NOTE | |
r-release-macos-arm64 | 1.0.0 | 23.00 | NOTE | |||
r-release-macos-x86_64 | 1.0.0 | 34.00 | NOTE | |||
r-release-windows-x86_64 | 1.0.0 | 5.00 | 57.00 | 62.00 | NOTE | |
r-oldrel-macos-arm64 | 1.0.0 | 25.00 | NOTE | |||
r-oldrel-macos-x86_64 | 1.0.0 | 35.00 | NOTE | |||
r-oldrel-windows-x86_64 | 1.0.0 | 6.00 | 63.00 | 69.00 | NOTE |
Version: 1.0.0
Check: DESCRIPTION meta-information
Result: NOTE
Malformed Title field: should not end in a period.
Flavors: r-devel-linux-x86_64-debian-clang, r-devel-linux-x86_64-debian-gcc, r-devel-linux-x86_64-fedora-clang, r-devel-linux-x86_64-fedora-gcc, r-devel-windows-x86_64, r-patched-linux-x86_64, r-release-linux-x86_64, r-release-macos-arm64, r-release-macos-x86_64, r-release-windows-x86_64, r-oldrel-macos-arm64, r-oldrel-macos-x86_64, r-oldrel-windows-x86_64